{"id":97536,"date":"2024-11-20T17:15:13","date_gmt":"2024-11-20T17:15:13","guid":{"rendered":"https:\/\/content.bengalmeat.com\/?page_id=97536"},"modified":"2024-11-20T17:15:13","modified_gmt":"2024-11-20T17:15:13","slug":"aave-governance-vorschlag-2024-4-0-3-dokumentation-30","status":"publish","type":"page","link":"https:\/\/bengalmeat.com\/content\/aave-governance-vorschlag-2024-4-0-3-dokumentation-30\/","title":{"rendered":"Aave Governance Vorschlag 2024 4.0.3 Dokumentation"},"content":{"rendered":"<h1>Aave Governance Vorschlag 2024 4.0.3<\/h1>\n<p>Der <strong>Aave Governance Vorschlag 2024 Version 4.0.3<\/strong> ist ein wichtiges Dokument, das detaillierte Informationen zur Verwaltung und Steuerung von Aave enth\u00e4lt. Dieses Dokument ist entscheidend f\u00fcr die Community, um \u00fcber die zuk\u00fcnftigen Entwicklungsrichtlinien und Entscheidungen informiert zu bleiben.<\/p>\n<p>Sie k\u00f6nnen das Dokument <a href='https:\/\/downloadpage.com\/aave-governance-vorschlag-2024-4-0-3.pdf'>hier herunterladen<\/a>.<\/p>\n<p><img src='https:\/\/cryptologos.cc\/logos\/aave-aave-logo.png' alt='Aave Logo'><\/p>\n<p>Die <strong>Aave Governance Proposal 2024 4.0.3<\/strong> enth\u00e4lt wichtige Informationen zur Verwaltung, Vorschl\u00e4gen und Entscheidungsfindung in der Aave-Plattform. Es ist von entscheidender Bedeutung, dass alle Benutzer dieses Dokument sorgf\u00e4ltig durchgehen, um die Governance-Prozesse vollst\u00e4ndig zu verstehen.<\/p>\n","protected":false},"excerpt":{"rendered":"<p>Aave Governance Vorschlag 2024 4.0.3 Der Aave Governance Vorschlag 2024 Version 4.0.3 ist ein wichtiges Dokument, das detaillierte Informationen zur Verwaltung und Steuerung von Aave enth\u00e4lt. Dieses Dokument ist entscheidend f\u00fcr die Community, um \u00fcber die zuk\u00fcnftigen Entwicklungsrichtlinien und Entscheidungen informiert zu bleiben. Sie k\u00f6nnen das Dokument hier herunterladen. Die Aave Governance Proposal 2024 4.0.3 &hellip;<\/p>\n<p class=\"read-more\"> <a class=\"\" href=\"https:\/\/bengalmeat.com\/content\/aave-governance-vorschlag-2024-4-0-3-dokumentation-30\/\"> <span class=\"screen-reader-text\">Aave Governance Vorschlag 2024 4.0.3 Dokumentation<\/span> Read More &raquo;<\/a><\/p>\n","protected":false},"author":1,"featured_media":0,"parent":0,"menu_order":0,"comment_status":"closed","ping_status":"closed","template":"","meta":{"site-sidebar-layout":"default","site-content-layout":"default","ast-main-header-display":"","ast-hfb-above-header-display":"","ast-hfb-below-header-display":"","ast-hfb-mobile-header-display":"","site-post-title":"","ast-breadcrumbs-content":"","ast-featured-img":"","footer-sml-layout":"","theme-transparent-header-meta":"","adv-header-id-meta":"","stick-header-meta":"","header-above-stick-meta":"","header-main-stick-meta":"","header-below-stick-meta":"","footnotes":""},"class_list":["post-97536","page","type-page","status-publish","hentry"],"_links":{"self":[{"href":"https:\/\/bengalmeat.com\/content\/wp-json\/wp\/v2\/pages\/97536","targetHints":{"allow":["GET"]}}],"collection":[{"href":"https:\/\/bengalmeat.com\/content\/wp-json\/wp\/v2\/pages"}],"about":[{"href":"https:\/\/bengalmeat.com\/content\/wp-json\/wp\/v2\/types\/page"}],"author":[{"embeddable":true,"href":"https:\/\/bengalmeat.com\/content\/wp-json\/wp\/v2\/users\/1"}],"replies":[{"embeddable":true,"href":"https:\/\/bengalmeat.com\/content\/wp-json\/wp\/v2\/comments?post=97536"}],"version-history":[{"count":1,"href":"https:\/\/bengalmeat.com\/content\/wp-json\/wp\/v2\/pages\/97536\/revisions"}],"predecessor-version":[{"id":97537,"href":"https:\/\/bengalmeat.com\/content\/wp-json\/wp\/v2\/pages\/97536\/revisions\/97537"}],"wp:attachment":[{"href":"https:\/\/bengalmeat.com\/content\/wp-json\/wp\/v2\/media?parent=97536"}],"curies":[{"name":"wp","href":"https:\/\/api.w.org\/{rel}","templated":true}]}}