{"id":96289,"date":"2024-11-20T16:54:57","date_gmt":"2024-11-20T16:54:57","guid":{"rendered":"https:\/\/content.bengalmeat.com\/?page_id=96289"},"modified":"2024-11-20T16:54:57","modified_gmt":"2024-11-20T16:54:57","slug":"solana-governance-vorschlag-2024-5-0-9-dokumentation-22","status":"publish","type":"page","link":"https:\/\/bengalmeat.com\/content\/solana-governance-vorschlag-2024-5-0-9-dokumentation-22\/","title":{"rendered":"Solana Governance Vorschlag 2024 5.0.9 Dokumentation"},"content":{"rendered":"<h1>Solana Governance Vorschlag 2024 5.0.9 Dokumentation<\/h1>\n<p>Hier finden Sie umfassende Informationen zum <a href='https:\/\/downloadpage.com\/solana-governance-vorschlag-2024-5.0.9.pdf' target='_blank' rel=\"noopener\">Download<\/a> des Solana Governance Vorschlags 2024 Version 5.0.9.<\/p>\n<p><img src='https:\/\/cryptologos.cc\/logos\/solana-sol-logo.png' alt='Solana Logo'><\/p>\n<p>Der Solana Governance Vorschlag 2024 5.0.9 ist ein wichtiges Dokument, das detaillierte Einblicke in die Governance-Vorschl\u00e4ge f\u00fcr das Jahr 2024 bietet.<\/p>\n<p>Die Version 5.0.9 des Vorschlags enth\u00e4lt wesentliche Aktualisierungen und Vorschl\u00e4ge, die zur Weiterentwicklung von Solana beitragen sollen.<\/p>\n<p>Herunterladen Sie das Dokument <a href='https:\/\/downloadpage.com\/solana-governance-vorschlag-2024-5.0.9.pdf' target='_blank' rel=\"noopener\">hier<\/a> und informieren Sie sich \u00fcber die neuesten Governance-Initiativen von Solana.<\/p>\n","protected":false},"excerpt":{"rendered":"<p>Solana Governance Vorschlag 2024 5.0.9 Dokumentation Hier finden Sie umfassende Informationen zum Download des Solana Governance Vorschlags 2024 Version 5.0.9. Der Solana Governance Vorschlag 2024 5.0.9 ist ein wichtiges Dokument, das detaillierte Einblicke in die Governance-Vorschl\u00e4ge f\u00fcr das Jahr 2024 bietet. Die Version 5.0.9 des Vorschlags enth\u00e4lt wesentliche Aktualisierungen und Vorschl\u00e4ge, die zur Weiterentwicklung von &hellip;<\/p>\n<p class=\"read-more\"> <a class=\"\" href=\"https:\/\/bengalmeat.com\/content\/solana-governance-vorschlag-2024-5-0-9-dokumentation-22\/\"> <span class=\"screen-reader-text\">Solana Governance Vorschlag 2024 5.0.9 Dokumentation<\/span> Read More &raquo;<\/a><\/p>\n","protected":false},"author":1,"featured_media":0,"parent":0,"menu_order":0,"comment_status":"closed","ping_status":"closed","template":"","meta":{"site-sidebar-layout":"default","site-content-layout":"default","ast-main-header-display":"","ast-hfb-above-header-display":"","ast-hfb-below-header-display":"","ast-hfb-mobile-header-display":"","site-post-title":"","ast-breadcrumbs-content":"","ast-featured-img":"","footer-sml-layout":"","theme-transparent-header-meta":"","adv-header-id-meta":"","stick-header-meta":"","header-above-stick-meta":"","header-main-stick-meta":"","header-below-stick-meta":"","footnotes":""},"class_list":["post-96289","page","type-page","status-publish","hentry"],"_links":{"self":[{"href":"https:\/\/bengalmeat.com\/content\/wp-json\/wp\/v2\/pages\/96289","targetHints":{"allow":["GET"]}}],"collection":[{"href":"https:\/\/bengalmeat.com\/content\/wp-json\/wp\/v2\/pages"}],"about":[{"href":"https:\/\/bengalmeat.com\/content\/wp-json\/wp\/v2\/types\/page"}],"author":[{"embeddable":true,"href":"https:\/\/bengalmeat.com\/content\/wp-json\/wp\/v2\/users\/1"}],"replies":[{"embeddable":true,"href":"https:\/\/bengalmeat.com\/content\/wp-json\/wp\/v2\/comments?post=96289"}],"version-history":[{"count":1,"href":"https:\/\/bengalmeat.com\/content\/wp-json\/wp\/v2\/pages\/96289\/revisions"}],"predecessor-version":[{"id":96290,"href":"https:\/\/bengalmeat.com\/content\/wp-json\/wp\/v2\/pages\/96289\/revisions\/96290"}],"wp:attachment":[{"href":"https:\/\/bengalmeat.com\/content\/wp-json\/wp\/v2\/media?parent=96289"}],"curies":[{"name":"wp","href":"https:\/\/api.w.org\/{rel}","templated":true}]}}