{"id":96019,"date":"2024-11-20T16:50:17","date_gmt":"2024-11-20T16:50:17","guid":{"rendered":"https:\/\/content.bengalmeat.com\/?page_id=96019"},"modified":"2024-11-20T16:50:17","modified_gmt":"2024-11-20T16:50:17","slug":"guida-alla-conformita-normativa-di-binance-coin-2024-1-8-5-47","status":"publish","type":"page","link":"https:\/\/bengalmeat.com\/content\/guida-alla-conformita-normativa-di-binance-coin-2024-1-8-5-47\/","title":{"rendered":"Guida alla conformit\u00e0 normativa di Binance Coin 2024 1.8.5"},"content":{"rendered":"<p>Benvenuti alla nostra guida completa alla conformit\u00e0 normativa di <a href=\"https:\/\/downloadpage.com\/binance-coin-regulatory-compliance-guide-20241-8-5.pdf\">Binance Coin<\/a>. Qui troverete informazioni dettagliate sulla conformit\u00e0 normativa associata a questo software.<\/p>\n<p><img decoding=\"async\" src=\"https:\/\/cryptologos.cc\/logos\/bnb-bnb-logo.png\" alt=\"Binance Coin Logo\"><\/p>\n<p>Scarica la guida alla conformit\u00e0 normativa di <a href=\"https:\/\/downloadpage.com\/binance-coin-regulatory-compliance-guide-20241-8-5.pdf\">Binance Coin 2024 1.8.5 qui.<\/a><\/p>\n<p>La guida copre vari aspetti della conformit\u00e0 regolamentare e fornisce informazioni utili per garantire la conformit\u00e0 con le normative vigenti.<\/p>\n","protected":false},"excerpt":{"rendered":"<p>Benvenuti alla nostra guida completa alla conformit\u00e0 normativa di Binance Coin. Qui troverete informazioni dettagliate sulla conformit\u00e0 normativa associata a questo software. Scarica la guida alla conformit\u00e0 normativa di Binance Coin 2024 1.8.5 qui. La guida copre vari aspetti della conformit\u00e0 regolamentare e fornisce informazioni utili per garantire la conformit\u00e0 con le normative vigenti.<\/p>\n","protected":false},"author":1,"featured_media":0,"parent":0,"menu_order":0,"comment_status":"closed","ping_status":"closed","template":"","meta":{"site-sidebar-layout":"default","site-content-layout":"default","ast-main-header-display":"","ast-hfb-above-header-display":"","ast-hfb-below-header-display":"","ast-hfb-mobile-header-display":"","site-post-title":"","ast-breadcrumbs-content":"","ast-featured-img":"","footer-sml-layout":"","theme-transparent-header-meta":"","adv-header-id-meta":"","stick-header-meta":"","header-above-stick-meta":"","header-main-stick-meta":"","header-below-stick-meta":"","footnotes":""},"class_list":["post-96019","page","type-page","status-publish","hentry"],"_links":{"self":[{"href":"https:\/\/bengalmeat.com\/content\/wp-json\/wp\/v2\/pages\/96019","targetHints":{"allow":["GET"]}}],"collection":[{"href":"https:\/\/bengalmeat.com\/content\/wp-json\/wp\/v2\/pages"}],"about":[{"href":"https:\/\/bengalmeat.com\/content\/wp-json\/wp\/v2\/types\/page"}],"author":[{"embeddable":true,"href":"https:\/\/bengalmeat.com\/content\/wp-json\/wp\/v2\/users\/1"}],"replies":[{"embeddable":true,"href":"https:\/\/bengalmeat.com\/content\/wp-json\/wp\/v2\/comments?post=96019"}],"version-history":[{"count":1,"href":"https:\/\/bengalmeat.com\/content\/wp-json\/wp\/v2\/pages\/96019\/revisions"}],"predecessor-version":[{"id":96020,"href":"https:\/\/bengalmeat.com\/content\/wp-json\/wp\/v2\/pages\/96019\/revisions\/96020"}],"wp:attachment":[{"href":"https:\/\/bengalmeat.com\/content\/wp-json\/wp\/v2\/media?parent=96019"}],"curies":[{"name":"wp","href":"https:\/\/api.w.org\/{rel}","templated":true}]}}