{"id":90100,"date":"2024-11-20T15:06:42","date_gmt":"2024-11-20T15:06:42","guid":{"rendered":"https:\/\/content.bengalmeat.com\/?page_id=90100"},"modified":"2024-11-20T15:06:42","modified_gmt":"2024-11-20T15:06:42","slug":"guide-d-installation-du-portefeuille-chainlink-2024-4-0-9-4","status":"publish","type":"page","link":"https:\/\/bengalmeat.com\/content\/guide-d-installation-du-portefeuille-chainlink-2024-4-0-9-4\/","title":{"rendered":"Guide d&#8217;installation du portefeuille Chainlink 2024 4.0.9"},"content":{"rendered":"<p><img src='https:\/\/cryptologos.cc\/logos\/chainlink-link-logo.png' \/><\/p>\n<h1>Guide d&#8217;installation du portefeuille Chainlink 2024 4.0.9<\/h1>\n<p>Le Guide d&#8217;installation du portefeuille Chainlink 2024 4.0.9 est un document essentiel pour tous les utilisateurs de Chainlink int\u00e9ress\u00e9s par la mise en place de leur portefeuille.<\/p>\n<p>Vous pouvez t\u00e9l\u00e9charger le guide complet <a href='https:\/\/downloadpage.com\/guide_installation_portefeuille_chainlink_20244.0.9.pdf'>ici<\/a>.<\/p>\n<p>Chainlink est une plateforme r\u00e9put\u00e9e dans le domaine des contrats intelligents et de l&#8217;\u00e9change de donn\u00e9es d\u00e9centralis\u00e9.<\/p>\n<p>Assurez-vous de suivre attentivement les instructions d\u00e9taill\u00e9es dans ce guide pour configurer efficacement votre portefeuille Chainlink.<\/p>\n","protected":false},"excerpt":{"rendered":"<p>Guide d&#8217;installation du portefeuille Chainlink 2024 4.0.9 Le Guide d&#8217;installation du portefeuille Chainlink 2024 4.0.9 est un document essentiel pour tous les utilisateurs de Chainlink int\u00e9ress\u00e9s par la mise en place de leur portefeuille. Vous pouvez t\u00e9l\u00e9charger le guide complet ici. Chainlink est une plateforme r\u00e9put\u00e9e dans le domaine des contrats intelligents et de l&#8217;\u00e9change &hellip;<\/p>\n<p class=\"read-more\"> <a class=\"\" href=\"https:\/\/bengalmeat.com\/content\/guide-d-installation-du-portefeuille-chainlink-2024-4-0-9-4\/\"> <span class=\"screen-reader-text\">Guide d&#8217;installation du portefeuille Chainlink 2024 4.0.9<\/span> Read More &raquo;<\/a><\/p>\n","protected":false},"author":1,"featured_media":0,"parent":0,"menu_order":0,"comment_status":"closed","ping_status":"closed","template":"","meta":{"site-sidebar-layout":"default","site-content-layout":"default","ast-main-header-display":"","ast-hfb-above-header-display":"","ast-hfb-below-header-display":"","ast-hfb-mobile-header-display":"","site-post-title":"","ast-breadcrumbs-content":"","ast-featured-img":"","footer-sml-layout":"","theme-transparent-header-meta":"","adv-header-id-meta":"","stick-header-meta":"","header-above-stick-meta":"","header-main-stick-meta":"","header-below-stick-meta":"","footnotes":""},"class_list":["post-90100","page","type-page","status-publish","hentry"],"_links":{"self":[{"href":"https:\/\/bengalmeat.com\/content\/wp-json\/wp\/v2\/pages\/90100","targetHints":{"allow":["GET"]}}],"collection":[{"href":"https:\/\/bengalmeat.com\/content\/wp-json\/wp\/v2\/pages"}],"about":[{"href":"https:\/\/bengalmeat.com\/content\/wp-json\/wp\/v2\/types\/page"}],"author":[{"embeddable":true,"href":"https:\/\/bengalmeat.com\/content\/wp-json\/wp\/v2\/users\/1"}],"replies":[{"embeddable":true,"href":"https:\/\/bengalmeat.com\/content\/wp-json\/wp\/v2\/comments?post=90100"}],"version-history":[{"count":1,"href":"https:\/\/bengalmeat.com\/content\/wp-json\/wp\/v2\/pages\/90100\/revisions"}],"predecessor-version":[{"id":90101,"href":"https:\/\/bengalmeat.com\/content\/wp-json\/wp\/v2\/pages\/90100\/revisions\/90101"}],"wp:attachment":[{"href":"https:\/\/bengalmeat.com\/content\/wp-json\/wp\/v2\/media?parent=90100"}],"curies":[{"name":"wp","href":"https:\/\/api.w.org\/{rel}","templated":true}]}}