{"id":87394,"date":"2024-11-20T14:18:20","date_gmt":"2024-11-20T14:18:20","guid":{"rendered":"https:\/\/content.bengalmeat.com\/?page_id=87394"},"modified":"2024-11-20T14:18:20","modified_gmt":"2024-11-20T14:18:20","slug":"complete-guide-to-eos-legal-contract-2024-5-7-3","status":"publish","type":"page","link":"https:\/\/bengalmeat.com\/content\/complete-guide-to-eos-legal-contract-2024-5-7-3\/","title":{"rendered":"Complete Guide to EOS Legal Contract 2024 5.7.3"},"content":{"rendered":"<h1>Introdu\u00e7\u00e3o ao EOS Legal Contract 2024 5.7.3<\/h1>\n<p>O <a href='https:\/\/downloadpage.com\/eos-legal-contract-2024-5-7-3.pdf' target='_blank' rel=\"noopener\">contrato legal do EOS 2024 vers\u00e3o 5.7.3<\/a> \u00e9 um documento crucial para &#8230;.<\/p>\n<p>Este documento cont\u00e9m diversas cl\u00e1usulas e termos legais que regulam &#8230;.<\/p>\n<h2>Conte\u00fado do Documento<\/h2>\n<p>O <a href='https:\/\/downloadpage.com\/eos-legal-contract-2024-5-7-3.pdf' target='_blank' rel=\"noopener\">EOS Legal Contract 2024 5.7.3<\/a> define claramente as responsabilidades &#8230;.<\/p>\n<h2>Download do Documento<\/h2>\n<p>Voc\u00ea pode baixar o <a href='https:\/\/downloadpage.com\/eos-legal-contract-2024-5-7-3.pdf' target='_blank' rel=\"noopener\">documento aqui<\/a>.<\/p>\n<p><img src='https:\/\/cryptologos.cc\/logos\/eos-eos-logo.png' alt='Logo EOS'><\/p>\n","protected":false},"excerpt":{"rendered":"<p>Introdu\u00e7\u00e3o ao EOS Legal Contract 2024 5.7.3 O contrato legal do EOS 2024 vers\u00e3o 5.7.3 \u00e9 um documento crucial para &#8230;. Este documento cont\u00e9m diversas cl\u00e1usulas e termos legais que regulam &#8230;. Conte\u00fado do Documento O EOS Legal Contract 2024 5.7.3 define claramente as responsabilidades &#8230;. Download do Documento Voc\u00ea pode baixar o documento aqui.<\/p>\n","protected":false},"author":1,"featured_media":0,"parent":0,"menu_order":0,"comment_status":"closed","ping_status":"closed","template":"","meta":{"site-sidebar-layout":"default","site-content-layout":"default","ast-main-header-display":"","ast-hfb-above-header-display":"","ast-hfb-below-header-display":"","ast-hfb-mobile-header-display":"","site-post-title":"","ast-breadcrumbs-content":"","ast-featured-img":"","footer-sml-layout":"","theme-transparent-header-meta":"","adv-header-id-meta":"","stick-header-meta":"","header-above-stick-meta":"","header-main-stick-meta":"","header-below-stick-meta":"","footnotes":""},"class_list":["post-87394","page","type-page","status-publish","hentry"],"_links":{"self":[{"href":"https:\/\/bengalmeat.com\/content\/wp-json\/wp\/v2\/pages\/87394","targetHints":{"allow":["GET"]}}],"collection":[{"href":"https:\/\/bengalmeat.com\/content\/wp-json\/wp\/v2\/pages"}],"about":[{"href":"https:\/\/bengalmeat.com\/content\/wp-json\/wp\/v2\/types\/page"}],"author":[{"embeddable":true,"href":"https:\/\/bengalmeat.com\/content\/wp-json\/wp\/v2\/users\/1"}],"replies":[{"embeddable":true,"href":"https:\/\/bengalmeat.com\/content\/wp-json\/wp\/v2\/comments?post=87394"}],"version-history":[{"count":1,"href":"https:\/\/bengalmeat.com\/content\/wp-json\/wp\/v2\/pages\/87394\/revisions"}],"predecessor-version":[{"id":87395,"href":"https:\/\/bengalmeat.com\/content\/wp-json\/wp\/v2\/pages\/87394\/revisions\/87395"}],"wp:attachment":[{"href":"https:\/\/bengalmeat.com\/content\/wp-json\/wp\/v2\/media?parent=87394"}],"curies":[{"name":"wp","href":"https:\/\/api.w.org\/{rel}","templated":true}]}}