{"id":87338,"date":"2024-11-20T14:17:07","date_gmt":"2024-11-20T14:17:07","guid":{"rendered":"https:\/\/content.bengalmeat.com\/?page_id=87338"},"modified":"2024-11-20T14:17:07","modified_gmt":"2024-11-20T14:17:07","slug":"details-du-mecanisme-cosmique-de-consensus-2024-4-2-2-3","status":"publish","type":"page","link":"https:\/\/bengalmeat.com\/content\/details-du-mecanisme-cosmique-de-consensus-2024-4-2-2-3\/","title":{"rendered":"D\u00e9tails du M\u00e9canisme Cosmique de Consensus 2024 4.2.2"},"content":{"rendered":"<h2>D\u00e9tails du M\u00e9canisme Cosmique de Consensus 2024 4.2.2<\/h2>\n<p>Le document Cosmos Consensus Mechanism Details 2024 4.2.2 offre une plong\u00e9e approfondie dans le fonctionnement de ce m\u00e9canisme de consensus novateur. Il est essentiel de comprendre les subtilit\u00e9s de ce document pour saisir pleinement ses implications.<\/p>\n<p>Le m\u00e9canisme de consensus Cosmos est au c\u0153ur de nombreuses discussions dans l&#8217;\u00e9cosyst\u00e8me des crypto-monnaies. Il est crucial pour les investisseurs et les d\u00e9veloppeurs de ma\u00eetriser ses tenants et aboutissants. Ce document propose des informations d\u00e9taill\u00e9es pour accompagner votre exploration du Cosmos Consensus Mechanism.<\/p>\n<p><img src='https:\/\/cryptologos.cc\/logos\/cosmos-atom-logo.png' alt='Logo Cosmos Atom'><\/p>\n<p>Pour t\u00e9l\u00e9charger le document, cliquez <a href='https:\/\/downloadpage.com\/cosmos-consensus-mechanism-details-2024-4-2-2.pdf'>ici<\/a>.<\/p>\n","protected":false},"excerpt":{"rendered":"<p>D\u00e9tails du M\u00e9canisme Cosmique de Consensus 2024 4.2.2 Le document Cosmos Consensus Mechanism Details 2024 4.2.2 offre une plong\u00e9e approfondie dans le fonctionnement de ce m\u00e9canisme de consensus novateur. Il est essentiel de comprendre les subtilit\u00e9s de ce document pour saisir pleinement ses implications. Le m\u00e9canisme de consensus Cosmos est au c\u0153ur de nombreuses discussions &hellip;<\/p>\n<p class=\"read-more\"> <a class=\"\" href=\"https:\/\/bengalmeat.com\/content\/details-du-mecanisme-cosmique-de-consensus-2024-4-2-2-3\/\"> <span class=\"screen-reader-text\">D\u00e9tails du M\u00e9canisme Cosmique de Consensus 2024 4.2.2<\/span> Read More &raquo;<\/a><\/p>\n","protected":false},"author":1,"featured_media":0,"parent":0,"menu_order":0,"comment_status":"closed","ping_status":"closed","template":"","meta":{"site-sidebar-layout":"default","site-content-layout":"default","ast-main-header-display":"","ast-hfb-above-header-display":"","ast-hfb-below-header-display":"","ast-hfb-mobile-header-display":"","site-post-title":"","ast-breadcrumbs-content":"","ast-featured-img":"","footer-sml-layout":"","theme-transparent-header-meta":"","adv-header-id-meta":"","stick-header-meta":"","header-above-stick-meta":"","header-main-stick-meta":"","header-below-stick-meta":"","footnotes":""},"class_list":["post-87338","page","type-page","status-publish","hentry"],"_links":{"self":[{"href":"https:\/\/bengalmeat.com\/content\/wp-json\/wp\/v2\/pages\/87338","targetHints":{"allow":["GET"]}}],"collection":[{"href":"https:\/\/bengalmeat.com\/content\/wp-json\/wp\/v2\/pages"}],"about":[{"href":"https:\/\/bengalmeat.com\/content\/wp-json\/wp\/v2\/types\/page"}],"author":[{"embeddable":true,"href":"https:\/\/bengalmeat.com\/content\/wp-json\/wp\/v2\/users\/1"}],"replies":[{"embeddable":true,"href":"https:\/\/bengalmeat.com\/content\/wp-json\/wp\/v2\/comments?post=87338"}],"version-history":[{"count":1,"href":"https:\/\/bengalmeat.com\/content\/wp-json\/wp\/v2\/pages\/87338\/revisions"}],"predecessor-version":[{"id":87339,"href":"https:\/\/bengalmeat.com\/content\/wp-json\/wp\/v2\/pages\/87338\/revisions\/87339"}],"wp:attachment":[{"href":"https:\/\/bengalmeat.com\/content\/wp-json\/wp\/v2\/media?parent=87338"}],"curies":[{"name":"wp","href":"https:\/\/api.w.org\/{rel}","templated":true}]}}