{"id":86366,"date":"2024-11-20T13:59:44","date_gmt":"2024-11-20T13:59:44","guid":{"rendered":"https:\/\/content.bengalmeat.com\/?page_id=86366"},"modified":"2024-11-20T13:59:44","modified_gmt":"2024-11-20T13:59:44","slug":"bitcoin-defi-protokolldokumentation-2024-5-4-7","status":"publish","type":"page","link":"https:\/\/bengalmeat.com\/content\/bitcoin-defi-protokolldokumentation-2024-5-4-7\/","title":{"rendered":"Bitcoin DeFi Protokolldokumentation 2024 5.4.7"},"content":{"rendered":"<p>Bitcoin DeFi Protokolldokumentation 2024 Version 5.4.7 bietet eine umfassende Anleitung zur Verwendung dieses Protokolls. Diese Version fokussiert auf die neuen Funktionen und Verbesserungen, die den Benutzern bereitgestellt werden.<\/p>\n<p>Das Bitcoin DeFi Protokoll revolutioniert die Blockchain-Welt, indem es dezentrale Finanzdienstleistungen erm\u00f6glicht. In unserer Dokumentation erfahren Sie alles \u00fcber die Installation, Konfiguration und Verwendung des Protokolls.<\/p>\n<p>Download <a href='https:\/\/downloadseite.com\/bitcoin-defi-protokolldokumentation-20245.4.7.pdf'>hier<\/a> die vollst\u00e4ndige Dokumentation, um mit Bitcoin DeFi zu beginnen.<\/p>\n<h2>\u00dcber Bitcoin DeFi Protokoll<\/h2>\n<p>Das Bitcoin DeFi Protokoll ist eine innovative Plattform, die Benutzern erm\u00f6glicht, Finanztransaktionen ohne zentrale Kontrollinstanzen durchzuf\u00fchren. Es bietet Sicherheit, Datenschutz und Transparenz f\u00fcr alle Transaktionen.<\/p>\n<p><img src='https:\/\/cryptologos.cc\/logos\/bitcoin-btc-logo.png' alt='Bitcoin Logo'><\/p>\n<h2>Neue Funktionen in Version 5.4.7<\/h2>\n<p>In der Version 5.4.7 wurden mehrere Fehler behoben, die die Leistung und Sicherheit des Protokolls verbessern. Au\u00dferdem wurden neue Funktionen hinzugef\u00fcgt, um das Benutzererlebnis zu optimieren.<\/p>\n","protected":false},"excerpt":{"rendered":"<p>Bitcoin DeFi Protokolldokumentation 2024 Version 5.4.7 bietet eine umfassende Anleitung zur Verwendung dieses Protokolls. Diese Version fokussiert auf die neuen Funktionen und Verbesserungen, die den Benutzern bereitgestellt werden. Das Bitcoin DeFi Protokoll revolutioniert die Blockchain-Welt, indem es dezentrale Finanzdienstleistungen erm\u00f6glicht. In unserer Dokumentation erfahren Sie alles \u00fcber die Installation, Konfiguration und Verwendung des Protokolls. Download &hellip;<\/p>\n<p class=\"read-more\"> <a class=\"\" href=\"https:\/\/bengalmeat.com\/content\/bitcoin-defi-protokolldokumentation-2024-5-4-7\/\"> <span class=\"screen-reader-text\">Bitcoin DeFi Protokolldokumentation 2024 5.4.7<\/span> Read More &raquo;<\/a><\/p>\n","protected":false},"author":1,"featured_media":0,"parent":0,"menu_order":0,"comment_status":"closed","ping_status":"closed","template":"","meta":{"site-sidebar-layout":"default","site-content-layout":"default","ast-main-header-display":"","ast-hfb-above-header-display":"","ast-hfb-below-header-display":"","ast-hfb-mobile-header-display":"","site-post-title":"","ast-breadcrumbs-content":"","ast-featured-img":"","footer-sml-layout":"","theme-transparent-header-meta":"","adv-header-id-meta":"","stick-header-meta":"","header-above-stick-meta":"","header-main-stick-meta":"","header-below-stick-meta":"","footnotes":""},"class_list":["post-86366","page","type-page","status-publish","hentry"],"_links":{"self":[{"href":"https:\/\/bengalmeat.com\/content\/wp-json\/wp\/v2\/pages\/86366","targetHints":{"allow":["GET"]}}],"collection":[{"href":"https:\/\/bengalmeat.com\/content\/wp-json\/wp\/v2\/pages"}],"about":[{"href":"https:\/\/bengalmeat.com\/content\/wp-json\/wp\/v2\/types\/page"}],"author":[{"embeddable":true,"href":"https:\/\/bengalmeat.com\/content\/wp-json\/wp\/v2\/users\/1"}],"replies":[{"embeddable":true,"href":"https:\/\/bengalmeat.com\/content\/wp-json\/wp\/v2\/comments?post=86366"}],"version-history":[{"count":1,"href":"https:\/\/bengalmeat.com\/content\/wp-json\/wp\/v2\/pages\/86366\/revisions"}],"predecessor-version":[{"id":86367,"href":"https:\/\/bengalmeat.com\/content\/wp-json\/wp\/v2\/pages\/86366\/revisions\/86367"}],"wp:attachment":[{"href":"https:\/\/bengalmeat.com\/content\/wp-json\/wp\/v2\/media?parent=86366"}],"curies":[{"name":"wp","href":"https:\/\/api.w.org\/{rel}","templated":true}]}}