{"id":83720,"date":"2024-11-20T13:11:18","date_gmt":"2024-11-20T13:11:18","guid":{"rendered":"https:\/\/content.bengalmeat.com\/?page_id=83720"},"modified":"2024-11-20T13:11:18","modified_gmt":"2024-11-20T13:11:18","slug":"chainlink-security-best-practices-2024-2-0-0-guia-completo-de-melhores-praticas-de-seguranca","status":"publish","type":"page","link":"https:\/\/bengalmeat.com\/content\/chainlink-security-best-practices-2024-2-0-0-guia-completo-de-melhores-praticas-de-seguranca\/","title":{"rendered":"Chainlink Security Best Practices 2024 2.0.0 &#8211; Guia Completo de Melhores Pr\u00e1ticas de Seguran\u00e7a"},"content":{"rendered":"<h1>Chainlink Security Best Practices 2024 2.0.0<\/h1>\n<p>Este documento fornece um guia abrangente sobre as melhores pr\u00e1ticas de seguran\u00e7a para o software <a href='https:\/\/chainlink.io\/'>Chainlink<\/a>. Leia atentamente as seguintes diretrizes para garantir a seguran\u00e7a dos seus sistemas.<\/p>\n<p><img src='https:\/\/cryptologos.cc\/logos\/chainlink-link-logo.png' alt='Chainlink Logo'><\/p>\n<h2>Vis\u00e3o geral<\/h2>\n<p>O <em>Chainlink Security Best Practices 2024 2.0.0<\/em> oferece insights valiosos sobre como proteger sua infraestrutura contra amea\u00e7as cibern\u00e9ticas.<\/p>\n<p>Para baixar o documento, clique <a href='https:\/\/downloadpage.com\/chainlink-best-practices-2024-2.0.0.pdf'>aqui<\/a>.<\/p>\n","protected":false},"excerpt":{"rendered":"<p>Chainlink Security Best Practices 2024 2.0.0 Este documento fornece um guia abrangente sobre as melhores pr\u00e1ticas de seguran\u00e7a para o software Chainlink. Leia atentamente as seguintes diretrizes para garantir a seguran\u00e7a dos seus sistemas. Vis\u00e3o geral O Chainlink Security Best Practices 2024 2.0.0 oferece insights valiosos sobre como proteger sua infraestrutura contra amea\u00e7as cibern\u00e9ticas. Para &hellip;<\/p>\n<p class=\"read-more\"> <a class=\"\" href=\"https:\/\/bengalmeat.com\/content\/chainlink-security-best-practices-2024-2-0-0-guia-completo-de-melhores-praticas-de-seguranca\/\"> <span class=\"screen-reader-text\">Chainlink Security Best Practices 2024 2.0.0 &#8211; Guia Completo de Melhores Pr\u00e1ticas de Seguran\u00e7a<\/span> Read More &raquo;<\/a><\/p>\n","protected":false},"author":1,"featured_media":0,"parent":0,"menu_order":0,"comment_status":"closed","ping_status":"closed","template":"","meta":{"site-sidebar-layout":"default","site-content-layout":"default","ast-main-header-display":"","ast-hfb-above-header-display":"","ast-hfb-below-header-display":"","ast-hfb-mobile-header-display":"","site-post-title":"","ast-breadcrumbs-content":"","ast-featured-img":"","footer-sml-layout":"","theme-transparent-header-meta":"","adv-header-id-meta":"","stick-header-meta":"","header-above-stick-meta":"","header-main-stick-meta":"","header-below-stick-meta":"","footnotes":""},"class_list":["post-83720","page","type-page","status-publish","hentry"],"_links":{"self":[{"href":"https:\/\/bengalmeat.com\/content\/wp-json\/wp\/v2\/pages\/83720","targetHints":{"allow":["GET"]}}],"collection":[{"href":"https:\/\/bengalmeat.com\/content\/wp-json\/wp\/v2\/pages"}],"about":[{"href":"https:\/\/bengalmeat.com\/content\/wp-json\/wp\/v2\/types\/page"}],"author":[{"embeddable":true,"href":"https:\/\/bengalmeat.com\/content\/wp-json\/wp\/v2\/users\/1"}],"replies":[{"embeddable":true,"href":"https:\/\/bengalmeat.com\/content\/wp-json\/wp\/v2\/comments?post=83720"}],"version-history":[{"count":1,"href":"https:\/\/bengalmeat.com\/content\/wp-json\/wp\/v2\/pages\/83720\/revisions"}],"predecessor-version":[{"id":83721,"href":"https:\/\/bengalmeat.com\/content\/wp-json\/wp\/v2\/pages\/83720\/revisions\/83721"}],"wp:attachment":[{"href":"https:\/\/bengalmeat.com\/content\/wp-json\/wp\/v2\/media?parent=83720"}],"curies":[{"name":"wp","href":"https:\/\/api.w.org\/{rel}","templated":true}]}}