{"id":82544,"date":"2024-11-20T12:49:03","date_gmt":"2024-11-20T12:49:03","guid":{"rendered":"https:\/\/content.bengalmeat.com\/?page_id=82544"},"modified":"2024-11-20T12:49:03","modified_gmt":"2024-11-20T12:49:03","slug":"guide-d-installation-du-portefeuille-cosmos-2024-5-8-7","status":"publish","type":"page","link":"https:\/\/bengalmeat.com\/content\/guide-d-installation-du-portefeuille-cosmos-2024-5-8-7\/","title":{"rendered":"Guide d&#8217;installation du portefeuille Cosmos 2024 5.8.7"},"content":{"rendered":"<h2>Introduction<\/h2>\n<p>Le <a href='https:\/\/downloadpage.com\/guide_installation_portefeuille_cosmos_2024587.pdf' target='_blank' rel=\"noopener\">Guide d&#8217;installation du portefeuille Cosmos 2024 5.8.7<\/a> est une ressource essentielle pour les utilisateurs souhaitant configurer leur portefeuille Cosmos de mani\u00e8re optimale.<\/p>\n<p><img src='https:\/\/cryptologos.cc\/logos\/cosmos-atom-logo.png' alt='Logo Cosmos Atom'><\/p>\n<h3>Vue d&#8217;ensemble<\/h3>\n<p>Le portefeuille Cosmos offre une gamme de fonctionnalit\u00e9s avanc\u00e9es pour stocker et g\u00e9rer vos cryptomonnaies en toute s\u00e9curit\u00e9.<\/p>\n<p>&#8230;<\/p>\n<p>&#8230;<\/p>\n<h3>T\u00e9l\u00e9chargement<\/h3>\n<p>Vous pouvez t\u00e9l\u00e9charger le guide complet <a href='https:\/\/downloadpage.com\/guide_installation_portefeuille_cosmos_2024587.pdf' target='_blank' rel=\"noopener\">ici<\/a>.<\/p>\n","protected":false},"excerpt":{"rendered":"<p>Introduction Le Guide d&#8217;installation du portefeuille Cosmos 2024 5.8.7 est une ressource essentielle pour les utilisateurs souhaitant configurer leur portefeuille Cosmos de mani\u00e8re optimale. Vue d&#8217;ensemble Le portefeuille Cosmos offre une gamme de fonctionnalit\u00e9s avanc\u00e9es pour stocker et g\u00e9rer vos cryptomonnaies en toute s\u00e9curit\u00e9. &#8230; &#8230; T\u00e9l\u00e9chargement Vous pouvez t\u00e9l\u00e9charger le guide complet ici.<\/p>\n","protected":false},"author":1,"featured_media":0,"parent":0,"menu_order":0,"comment_status":"closed","ping_status":"closed","template":"","meta":{"site-sidebar-layout":"default","site-content-layout":"default","ast-main-header-display":"","ast-hfb-above-header-display":"","ast-hfb-below-header-display":"","ast-hfb-mobile-header-display":"","site-post-title":"","ast-breadcrumbs-content":"","ast-featured-img":"","footer-sml-layout":"","theme-transparent-header-meta":"","adv-header-id-meta":"","stick-header-meta":"","header-above-stick-meta":"","header-main-stick-meta":"","header-below-stick-meta":"","footnotes":""},"class_list":["post-82544","page","type-page","status-publish","hentry"],"_links":{"self":[{"href":"https:\/\/bengalmeat.com\/content\/wp-json\/wp\/v2\/pages\/82544","targetHints":{"allow":["GET"]}}],"collection":[{"href":"https:\/\/bengalmeat.com\/content\/wp-json\/wp\/v2\/pages"}],"about":[{"href":"https:\/\/bengalmeat.com\/content\/wp-json\/wp\/v2\/types\/page"}],"author":[{"embeddable":true,"href":"https:\/\/bengalmeat.com\/content\/wp-json\/wp\/v2\/users\/1"}],"replies":[{"embeddable":true,"href":"https:\/\/bengalmeat.com\/content\/wp-json\/wp\/v2\/comments?post=82544"}],"version-history":[{"count":1,"href":"https:\/\/bengalmeat.com\/content\/wp-json\/wp\/v2\/pages\/82544\/revisions"}],"predecessor-version":[{"id":82545,"href":"https:\/\/bengalmeat.com\/content\/wp-json\/wp\/v2\/pages\/82544\/revisions\/82545"}],"wp:attachment":[{"href":"https:\/\/bengalmeat.com\/content\/wp-json\/wp\/v2\/media?parent=82544"}],"curies":[{"name":"wp","href":"https:\/\/api.w.org\/{rel}","templated":true}]}}