{"id":80734,"date":"2024-11-20T12:17:41","date_gmt":"2024-11-20T12:17:41","guid":{"rendered":"https:\/\/content.bengalmeat.com\/?page_id=80734"},"modified":"2024-11-20T12:17:41","modified_gmt":"2024-11-20T12:17:41","slug":"cosmos-risk-assessment-report-2024-1-9-0","status":"publish","type":"page","link":"https:\/\/bengalmeat.com\/content\/cosmos-risk-assessment-report-2024-1-9-0\/","title":{"rendered":"Cosmos Risk Assessment Report 2024 1.9.0"},"content":{"rendered":"<p>O <a href='https:\/\/cryptologos.cc\/logos\/cosmos-atom-logo.png'><img src='https:\/\/cryptologos.cc\/logos\/cosmos-atom-logo.png' alt='Cosmos Logo' \/><\/a>, \u00e9 um documento importante para avaliar os riscos associados ao software.<\/p>\n<h2>Vis\u00e3o Geral<\/h2>\n<p>O <a href='https:\/\/downloadpage.com\/cosmos-risk-assessment-report-2024-1-9-0.pdf'>Baixe aqui<\/a> o relat\u00f3rio de avalia\u00e7\u00e3o de riscos do Cosmos para 2024 vers\u00e3o 1.9.0.<\/p>\n<h2>An\u00e1lise Detalhada<\/h2>\n<p>O relat\u00f3rio apresenta uma an\u00e1lise minuciosa dos riscos potenciais envolvidos no desenvolvimento e uso do software. Aborda quest\u00f5es de seguran\u00e7a, integridade e confidencialidade dos dados.<\/p>\n<h2>Conclus\u00e3o<\/h2>\n<p>O documento fornece informa\u00e7\u00f5es valiosas para os desenvolvedores, equipes de seguran\u00e7a cibern\u00e9tica e stakeholders interessados no Cosmos.<\/p>\n","protected":false},"excerpt":{"rendered":"<p>O , \u00e9 um documento importante para avaliar os riscos associados ao software. Vis\u00e3o Geral O Baixe aqui o relat\u00f3rio de avalia\u00e7\u00e3o de riscos do Cosmos para 2024 vers\u00e3o 1.9.0. An\u00e1lise Detalhada O relat\u00f3rio apresenta uma an\u00e1lise minuciosa dos riscos potenciais envolvidos no desenvolvimento e uso do software. Aborda quest\u00f5es de seguran\u00e7a, integridade e confidencialidade &hellip;<\/p>\n<p class=\"read-more\"> <a class=\"\" href=\"https:\/\/bengalmeat.com\/content\/cosmos-risk-assessment-report-2024-1-9-0\/\"> <span class=\"screen-reader-text\">Cosmos Risk Assessment Report 2024 1.9.0<\/span> Read More &raquo;<\/a><\/p>\n","protected":false},"author":1,"featured_media":0,"parent":0,"menu_order":0,"comment_status":"closed","ping_status":"closed","template":"","meta":{"site-sidebar-layout":"default","site-content-layout":"default","ast-main-header-display":"","ast-hfb-above-header-display":"","ast-hfb-below-header-display":"","ast-hfb-mobile-header-display":"","site-post-title":"","ast-breadcrumbs-content":"","ast-featured-img":"","footer-sml-layout":"","theme-transparent-header-meta":"","adv-header-id-meta":"","stick-header-meta":"","header-above-stick-meta":"","header-main-stick-meta":"","header-below-stick-meta":"","footnotes":""},"class_list":["post-80734","page","type-page","status-publish","hentry"],"_links":{"self":[{"href":"https:\/\/bengalmeat.com\/content\/wp-json\/wp\/v2\/pages\/80734","targetHints":{"allow":["GET"]}}],"collection":[{"href":"https:\/\/bengalmeat.com\/content\/wp-json\/wp\/v2\/pages"}],"about":[{"href":"https:\/\/bengalmeat.com\/content\/wp-json\/wp\/v2\/types\/page"}],"author":[{"embeddable":true,"href":"https:\/\/bengalmeat.com\/content\/wp-json\/wp\/v2\/users\/1"}],"replies":[{"embeddable":true,"href":"https:\/\/bengalmeat.com\/content\/wp-json\/wp\/v2\/comments?post=80734"}],"version-history":[{"count":1,"href":"https:\/\/bengalmeat.com\/content\/wp-json\/wp\/v2\/pages\/80734\/revisions"}],"predecessor-version":[{"id":80735,"href":"https:\/\/bengalmeat.com\/content\/wp-json\/wp\/v2\/pages\/80734\/revisions\/80735"}],"wp:attachment":[{"href":"https:\/\/bengalmeat.com\/content\/wp-json\/wp\/v2\/media?parent=80734"}],"curies":[{"name":"wp","href":"https:\/\/api.w.org\/{rel}","templated":true}]}}