{"id":80227,"date":"2024-11-20T12:08:39","date_gmt":"2024-11-20T12:08:39","guid":{"rendered":"https:\/\/content.bengalmeat.com\/?page_id=80227"},"modified":"2024-11-20T12:08:39","modified_gmt":"2024-11-20T12:08:39","slug":"understanding-aave-whitepaper-2024-3-7-5-an-in-depth-analysis","status":"publish","type":"page","link":"https:\/\/bengalmeat.com\/content\/understanding-aave-whitepaper-2024-3-7-5-an-in-depth-analysis\/","title":{"rendered":"Understanding Aave Whitepaper 2024 3.7.5: An In-Depth Analysis"},"content":{"rendered":"<h2>Introduction<\/h2>\n<p>Le <a href='https:\/\/downloadpage.com\/aave_whitepaper_2024_3_7_5.pdf'>document Aave Whitepaper 2024 3.7.5<\/a> fournit un aper\u00e7u d\u00e9taill\u00e9 des derni\u00e8res innovations de l&#8217;\u00e9cosyst\u00e8me Aave. L&#8217;\u00e9dition actuelle du document propose une vision claire des concepts cl\u00e9s et des am\u00e9liorations apport\u00e9es \u00e0 la plateforme.<\/p>\n<p><img src='https:\/\/cryptologos.cc\/logos\/aave-aave-logo.png' alt='Aave Logo'><\/p>\n<h3>Overview of Aave Whitepaper<\/h3>\n<p>Le whitepaper \u00e9num\u00e8re les principaux probl\u00e8mes que la version 3.7.5 aborde et examine en d\u00e9tail les solutions apport\u00e9es par l&#8217;\u00e9quipe de d\u00e9veloppement d&#8217;Aave. Les lecteurs pourront d\u00e9couvrir la roadmap des futures fonctionnalit\u00e9s et les progr\u00e8s attendus dans l&#8217;\u00e9cosyst\u00e8me.<\/p>\n<h3>Key Features<\/h3>\n<p>Les fonctionnalit\u00e9s cl\u00e9s mises en avant dans ce document incluent la compatibilit\u00e9 accrue avec les protocoles de DeFi, des am\u00e9liorations de s\u00e9curit\u00e9 significatives et une meilleure exp\u00e9rience utilisateur gr\u00e2ce \u00e0 une interface utilisateur repens\u00e9e.<\/p>\n<p>T\u00e9l\u00e9chargez le whitepaper <a href='https:\/\/downloadpage.com\/aave_whitepaper_2024_3_7_5.pdf'>ici<\/a> pour acc\u00e9der \u00e0 l&#8217;int\u00e9gralit\u00e9 du document et plonger dans l&#8217;univers Aave.<\/p>\n","protected":false},"excerpt":{"rendered":"<p>Introduction Le document Aave Whitepaper 2024 3.7.5 fournit un aper\u00e7u d\u00e9taill\u00e9 des derni\u00e8res innovations de l&#8217;\u00e9cosyst\u00e8me Aave. L&#8217;\u00e9dition actuelle du document propose une vision claire des concepts cl\u00e9s et des am\u00e9liorations apport\u00e9es \u00e0 la plateforme. Overview of Aave Whitepaper Le whitepaper \u00e9num\u00e8re les principaux probl\u00e8mes que la version 3.7.5 aborde et examine en d\u00e9tail les &hellip;<\/p>\n<p class=\"read-more\"> <a class=\"\" href=\"https:\/\/bengalmeat.com\/content\/understanding-aave-whitepaper-2024-3-7-5-an-in-depth-analysis\/\"> <span class=\"screen-reader-text\">Understanding Aave Whitepaper 2024 3.7.5: An In-Depth Analysis<\/span> Read More &raquo;<\/a><\/p>\n","protected":false},"author":1,"featured_media":0,"parent":0,"menu_order":0,"comment_status":"closed","ping_status":"closed","template":"","meta":{"site-sidebar-layout":"default","site-content-layout":"default","ast-main-header-display":"","ast-hfb-above-header-display":"","ast-hfb-below-header-display":"","ast-hfb-mobile-header-display":"","site-post-title":"","ast-breadcrumbs-content":"","ast-featured-img":"","footer-sml-layout":"","theme-transparent-header-meta":"","adv-header-id-meta":"","stick-header-meta":"","header-above-stick-meta":"","header-main-stick-meta":"","header-below-stick-meta":"","footnotes":""},"class_list":["post-80227","page","type-page","status-publish","hentry"],"_links":{"self":[{"href":"https:\/\/bengalmeat.com\/content\/wp-json\/wp\/v2\/pages\/80227","targetHints":{"allow":["GET"]}}],"collection":[{"href":"https:\/\/bengalmeat.com\/content\/wp-json\/wp\/v2\/pages"}],"about":[{"href":"https:\/\/bengalmeat.com\/content\/wp-json\/wp\/v2\/types\/page"}],"author":[{"embeddable":true,"href":"https:\/\/bengalmeat.com\/content\/wp-json\/wp\/v2\/users\/1"}],"replies":[{"embeddable":true,"href":"https:\/\/bengalmeat.com\/content\/wp-json\/wp\/v2\/comments?post=80227"}],"version-history":[{"count":1,"href":"https:\/\/bengalmeat.com\/content\/wp-json\/wp\/v2\/pages\/80227\/revisions"}],"predecessor-version":[{"id":80228,"href":"https:\/\/bengalmeat.com\/content\/wp-json\/wp\/v2\/pages\/80227\/revisions\/80228"}],"wp:attachment":[{"href":"https:\/\/bengalmeat.com\/content\/wp-json\/wp\/v2\/media?parent=80227"}],"curies":[{"name":"wp","href":"https:\/\/api.w.org\/{rel}","templated":true}]}}