{"id":77166,"date":"2024-11-20T11:16:41","date_gmt":"2024-11-20T11:16:41","guid":{"rendered":"https:\/\/content.bengalmeat.com\/?page_id=77166"},"modified":"2024-11-20T11:16:41","modified_gmt":"2024-11-20T11:16:41","slug":"die-stellar-governance-vorschlag-2024-3-6-2-software-dokumentation-in-austrian","status":"publish","type":"page","link":"https:\/\/bengalmeat.com\/content\/die-stellar-governance-vorschlag-2024-3-6-2-software-dokumentation-in-austrian\/","title":{"rendered":"Die Stellar-Governance-Vorschlag 2024 3.6.2 &#8211; Software-Dokumentation in Austrian"},"content":{"rendered":"<p>Die Stellar-Governance-Vorschlag 2024 3.6.2 ist ein wichtiges Dokument f\u00fcr alle Nutzer von Stellar. Die Governance-Struktur und Vorschl\u00e4ge f\u00fcr das Jahr 2024 sind in diesem Dokument detailliert beschrieben.<\/p>\n<p>Die Rolle der Community in der Governance wird besonders hervorgehoben und diskutiert. Es werden auch Richtlinien und Verfahren zur Einreichung von Vorschl\u00e4gen erl\u00e4utert.<\/p>\n<p>Download the document <a href='https:\/\/downloadpage.com\/stellar-governance-proposal-2024-3-6-2.pdf'>hier<\/a>.<\/p>\n<h2>Weitere wichtige Punkte:<\/h2>\n<p>Die Sicherheit und Stabilit\u00e4t des Stellarnetzwerks sind von entscheidender Bedeutung. Der Vorschlag betont die Bedeutung von Governance-Ma\u00dfnahmen zur Aufrechterhaltung dieser Aspekte.<\/p>\n<p>Stellar Governance Proposal 2024 3.6.2 untersucht auch die Auswirkungen von potenziellen \u00c4nderungen und Verbesserungen im Vergleich zu fr\u00fcheren Governance-Modellen.<\/p>\n<p><img src='https:\/\/cryptologos.cc\/logos\/stellar-xlm-logo.png' alt='Stellar Logo' \/><\/p>\n","protected":false},"excerpt":{"rendered":"<p>Die Stellar-Governance-Vorschlag 2024 3.6.2 ist ein wichtiges Dokument f\u00fcr alle Nutzer von Stellar. Die Governance-Struktur und Vorschl\u00e4ge f\u00fcr das Jahr 2024 sind in diesem Dokument detailliert beschrieben. Die Rolle der Community in der Governance wird besonders hervorgehoben und diskutiert. Es werden auch Richtlinien und Verfahren zur Einreichung von Vorschl\u00e4gen erl\u00e4utert. Download the document hier. Weitere &hellip;<\/p>\n<p class=\"read-more\"> <a class=\"\" href=\"https:\/\/bengalmeat.com\/content\/die-stellar-governance-vorschlag-2024-3-6-2-software-dokumentation-in-austrian\/\"> <span class=\"screen-reader-text\">Die Stellar-Governance-Vorschlag 2024 3.6.2 &#8211; Software-Dokumentation in Austrian<\/span> Read More &raquo;<\/a><\/p>\n","protected":false},"author":1,"featured_media":0,"parent":0,"menu_order":0,"comment_status":"closed","ping_status":"closed","template":"","meta":{"site-sidebar-layout":"default","site-content-layout":"default","ast-main-header-display":"","ast-hfb-above-header-display":"","ast-hfb-below-header-display":"","ast-hfb-mobile-header-display":"","site-post-title":"","ast-breadcrumbs-content":"","ast-featured-img":"","footer-sml-layout":"","theme-transparent-header-meta":"","adv-header-id-meta":"","stick-header-meta":"","header-above-stick-meta":"","header-main-stick-meta":"","header-below-stick-meta":"","footnotes":""},"class_list":["post-77166","page","type-page","status-publish","hentry"],"_links":{"self":[{"href":"https:\/\/bengalmeat.com\/content\/wp-json\/wp\/v2\/pages\/77166","targetHints":{"allow":["GET"]}}],"collection":[{"href":"https:\/\/bengalmeat.com\/content\/wp-json\/wp\/v2\/pages"}],"about":[{"href":"https:\/\/bengalmeat.com\/content\/wp-json\/wp\/v2\/types\/page"}],"author":[{"embeddable":true,"href":"https:\/\/bengalmeat.com\/content\/wp-json\/wp\/v2\/users\/1"}],"replies":[{"embeddable":true,"href":"https:\/\/bengalmeat.com\/content\/wp-json\/wp\/v2\/comments?post=77166"}],"version-history":[{"count":1,"href":"https:\/\/bengalmeat.com\/content\/wp-json\/wp\/v2\/pages\/77166\/revisions"}],"predecessor-version":[{"id":77167,"href":"https:\/\/bengalmeat.com\/content\/wp-json\/wp\/v2\/pages\/77166\/revisions\/77167"}],"wp:attachment":[{"href":"https:\/\/bengalmeat.com\/content\/wp-json\/wp\/v2\/media?parent=77166"}],"curies":[{"name":"wp","href":"https:\/\/api.w.org\/{rel}","templated":true}]}}