{"id":75170,"date":"2024-11-20T10:01:37","date_gmt":"2024-11-20T10:01:37","guid":{"rendered":"https:\/\/content.bengalmeat.com\/?page_id=75170"},"modified":"2024-11-20T10:01:37","modified_gmt":"2024-11-20T10:01:37","slug":"alles-was-sie-uber-xrp-legal-contract-2024-2-6-5-wissen-mussen","status":"publish","type":"page","link":"https:\/\/bengalmeat.com\/content\/alles-was-sie-uber-xrp-legal-contract-2024-2-6-5-wissen-mussen\/","title":{"rendered":"Alles, was Sie \u00fcber XRP Legal Contract 2024 2.6.5 wissen m\u00fcssen"},"content":{"rendered":"<h2>Allgemeine Informationen \u00fcber XRP Legal Contract 2024 2.6.5<\/h2>\n<p><img src='https:\/\/cryptologos.cc\/logos\/xrp-xrp-logo.png' alt='XRP Logo'><\/p>\n<p>XRP Legal Contract 2024 2.6.5 ist ein wichtiges Dokument, das eine rechtliche Vereinbarung f\u00fcr das Jahr 2024 darstellt. Es bietet detaillierte Informationen \u00fcber die rechtlichen Bedingungen rund um XRP.<\/p>\n<p>Sie k\u00f6nnen das Dokument <a href='https:\/\/downloadpage.com\/xrp-legal-contract-2024-2-6-5.pdf' target='_blank' rel=\"noopener\">hier herunterladen<\/a>.<\/p>\n<p>XRP ist eine f\u00fchrende Kryptow\u00e4hrung, die in verschiedenen Branchen eingesetzt wird.<\/p>\n","protected":false},"excerpt":{"rendered":"<p>Allgemeine Informationen \u00fcber XRP Legal Contract 2024 2.6.5 XRP Legal Contract 2024 2.6.5 ist ein wichtiges Dokument, das eine rechtliche Vereinbarung f\u00fcr das Jahr 2024 darstellt. Es bietet detaillierte Informationen \u00fcber die rechtlichen Bedingungen rund um XRP. Sie k\u00f6nnen das Dokument hier herunterladen. XRP ist eine f\u00fchrende Kryptow\u00e4hrung, die in verschiedenen Branchen eingesetzt wird.<\/p>\n","protected":false},"author":1,"featured_media":0,"parent":0,"menu_order":0,"comment_status":"closed","ping_status":"closed","template":"","meta":{"site-sidebar-layout":"default","site-content-layout":"default","ast-main-header-display":"","ast-hfb-above-header-display":"","ast-hfb-below-header-display":"","ast-hfb-mobile-header-display":"","site-post-title":"","ast-breadcrumbs-content":"","ast-featured-img":"","footer-sml-layout":"","theme-transparent-header-meta":"","adv-header-id-meta":"","stick-header-meta":"","header-above-stick-meta":"","header-main-stick-meta":"","header-below-stick-meta":"","footnotes":""},"class_list":["post-75170","page","type-page","status-publish","hentry"],"_links":{"self":[{"href":"https:\/\/bengalmeat.com\/content\/wp-json\/wp\/v2\/pages\/75170","targetHints":{"allow":["GET"]}}],"collection":[{"href":"https:\/\/bengalmeat.com\/content\/wp-json\/wp\/v2\/pages"}],"about":[{"href":"https:\/\/bengalmeat.com\/content\/wp-json\/wp\/v2\/types\/page"}],"author":[{"embeddable":true,"href":"https:\/\/bengalmeat.com\/content\/wp-json\/wp\/v2\/users\/1"}],"replies":[{"embeddable":true,"href":"https:\/\/bengalmeat.com\/content\/wp-json\/wp\/v2\/comments?post=75170"}],"version-history":[{"count":1,"href":"https:\/\/bengalmeat.com\/content\/wp-json\/wp\/v2\/pages\/75170\/revisions"}],"predecessor-version":[{"id":75171,"href":"https:\/\/bengalmeat.com\/content\/wp-json\/wp\/v2\/pages\/75170\/revisions\/75171"}],"wp:attachment":[{"href":"https:\/\/bengalmeat.com\/content\/wp-json\/wp\/v2\/media?parent=75170"}],"curies":[{"name":"wp","href":"https:\/\/api.w.org\/{rel}","templated":true}]}}