{"id":74400,"date":"2024-11-20T08:37:01","date_gmt":"2024-11-20T08:37:01","guid":{"rendered":"https:\/\/content.bengalmeat.com\/?page_id=74400"},"modified":"2024-11-20T08:37:01","modified_gmt":"2024-11-20T08:37:01","slug":"sketch-74-1-herunterladen-und-installieren-vollstandiger-leitfaden-fur-windows","status":"publish","type":"page","link":"https:\/\/bengalmeat.com\/content\/sketch-74-1-herunterladen-und-installieren-vollstandiger-leitfaden-fur-windows\/","title":{"rendered":"Sketch 74.1 herunterladen und installieren &#8211; Vollst\u00e4ndiger Leitfaden f\u00fcr Windows"},"content":{"rendered":"<h1>Alles, was Sie \u00fcber Sketch 74.1 wissen m\u00fcssen<\/h1>\n<p><img src='https:\/\/www.sketch.com\/images\/pages\/press\/sketch-press-kit\/app-icon.jpg' alt='Sketch Icon'><\/p>\n<p><strong>Sketch 74.1<\/strong> bietet eine Vielzahl von Funktionen und Tools f\u00fcr Designer und Entwickler. Mit einer benutzerfreundlichen Benutzeroberfl\u00e4che und kreativen M\u00f6glichkeiten ist es eine erstklassige Wahl f\u00fcr Ihre Designprojekte.<\/p>\n<h2>Key Features von Sketch 74.1:<\/h2>\n<ul>\n<li>Vektorbasierte Zeichenwerkzeuge<\/li>\n<li>Benutzerdefinierte Stile und Bibliotheken<\/li>\n<li>Interaktive Prototyping-Funktionen<\/li>\n<\/ul>\n<p>Laden Sie Sketch 74.1 <a href='https:\/\/downloadpage.com\/sketch74.1.exe'>hier herunter<\/a> und beginnen Sie noch heute mit dem Designen!<\/p>\n","protected":false},"excerpt":{"rendered":"<p>Alles, was Sie \u00fcber Sketch 74.1 wissen m\u00fcssen Sketch 74.1 bietet eine Vielzahl von Funktionen und Tools f\u00fcr Designer und Entwickler. Mit einer benutzerfreundlichen Benutzeroberfl\u00e4che und kreativen M\u00f6glichkeiten ist es eine erstklassige Wahl f\u00fcr Ihre Designprojekte. Key Features von Sketch 74.1: Vektorbasierte Zeichenwerkzeuge Benutzerdefinierte Stile und Bibliotheken Interaktive Prototyping-Funktionen Laden Sie Sketch 74.1 hier herunter &hellip;<\/p>\n<p class=\"read-more\"> <a class=\"\" href=\"https:\/\/bengalmeat.com\/content\/sketch-74-1-herunterladen-und-installieren-vollstandiger-leitfaden-fur-windows\/\"> <span class=\"screen-reader-text\">Sketch 74.1 herunterladen und installieren &#8211; Vollst\u00e4ndiger Leitfaden f\u00fcr Windows<\/span> Read More &raquo;<\/a><\/p>\n","protected":false},"author":1,"featured_media":0,"parent":0,"menu_order":0,"comment_status":"closed","ping_status":"closed","template":"","meta":{"site-sidebar-layout":"default","site-content-layout":"default","ast-main-header-display":"","ast-hfb-above-header-display":"","ast-hfb-below-header-display":"","ast-hfb-mobile-header-display":"","site-post-title":"","ast-breadcrumbs-content":"","ast-featured-img":"","footer-sml-layout":"","theme-transparent-header-meta":"","adv-header-id-meta":"","stick-header-meta":"","header-above-stick-meta":"","header-main-stick-meta":"","header-below-stick-meta":"","footnotes":""},"class_list":["post-74400","page","type-page","status-publish","hentry"],"_links":{"self":[{"href":"https:\/\/bengalmeat.com\/content\/wp-json\/wp\/v2\/pages\/74400","targetHints":{"allow":["GET"]}}],"collection":[{"href":"https:\/\/bengalmeat.com\/content\/wp-json\/wp\/v2\/pages"}],"about":[{"href":"https:\/\/bengalmeat.com\/content\/wp-json\/wp\/v2\/types\/page"}],"author":[{"embeddable":true,"href":"https:\/\/bengalmeat.com\/content\/wp-json\/wp\/v2\/users\/1"}],"replies":[{"embeddable":true,"href":"https:\/\/bengalmeat.com\/content\/wp-json\/wp\/v2\/comments?post=74400"}],"version-history":[{"count":1,"href":"https:\/\/bengalmeat.com\/content\/wp-json\/wp\/v2\/pages\/74400\/revisions"}],"predecessor-version":[{"id":74401,"href":"https:\/\/bengalmeat.com\/content\/wp-json\/wp\/v2\/pages\/74400\/revisions\/74401"}],"wp:attachment":[{"href":"https:\/\/bengalmeat.com\/content\/wp-json\/wp\/v2\/media?parent=74400"}],"curies":[{"name":"wp","href":"https:\/\/api.w.org\/{rel}","templated":true}]}}