{"id":74392,"date":"2024-11-20T08:36:19","date_gmt":"2024-11-20T08:36:19","guid":{"rendered":"https:\/\/content.bengalmeat.com\/?page_id=74392"},"modified":"2024-11-20T08:36:19","modified_gmt":"2024-11-20T08:36:19","slug":"telechargement-windows-version-premiere-pro-15-4-1","status":"publish","type":"page","link":"https:\/\/bengalmeat.com\/content\/telechargement-windows-version-premiere-pro-15-4-1\/","title":{"rendered":"T\u00e9l\u00e9chargement Windows version Premiere Pro 15.4.1"},"content":{"rendered":"<h1>Adobe Premiere Pro 15.4.1<\/h1>\n<p>Adobe Premiere Pro est l&#8217;un des logiciels de montage vid\u00e9o les plus populaires au monde, offrant des fonctionnalit\u00e9s avanc\u00e9es pour les professionnels de la vid\u00e9o.<\/p>\n<p>Avec sa version 15.4.1, Adobe a introduit de nouvelles fonctionnalit\u00e9s passionnantes, telles que <strong>feature A<\/strong> et <strong>feature B<\/strong>. Ces am\u00e9liorations rendent le montage vid\u00e9o encore plus fluide et puissant.<\/p>\n<p>Vous pouvez t\u00e9l\u00e9charger la derni\u00e8re version de Premiere Pro en cliquant sur <a href='https:\/\/downloadpage.com\/premiere-pro-15.4.1.exe'>T\u00e9l\u00e9charger ici<\/a>.<\/p>\n<p>N&#8217;attendez plus pour d\u00e9couvrir tout ce que Premiere Pro 15.4.1 a \u00e0 offrir !<\/p>\n<p><img src='https:\/\/www.adobe.com\/content\/dam\/cc\/icons\/premiere.svg' alt='Adobe Premiere Pro Logo'><\/p>\n","protected":false},"excerpt":{"rendered":"<p>Adobe Premiere Pro 15.4.1 Adobe Premiere Pro est l&#8217;un des logiciels de montage vid\u00e9o les plus populaires au monde, offrant des fonctionnalit\u00e9s avanc\u00e9es pour les professionnels de la vid\u00e9o. Avec sa version 15.4.1, Adobe a introduit de nouvelles fonctionnalit\u00e9s passionnantes, telles que feature A et feature B. Ces am\u00e9liorations rendent le montage vid\u00e9o encore plus &hellip;<\/p>\n<p class=\"read-more\"> <a class=\"\" href=\"https:\/\/bengalmeat.com\/content\/telechargement-windows-version-premiere-pro-15-4-1\/\"> <span class=\"screen-reader-text\">T\u00e9l\u00e9chargement Windows version Premiere Pro 15.4.1<\/span> Read More &raquo;<\/a><\/p>\n","protected":false},"author":1,"featured_media":0,"parent":0,"menu_order":0,"comment_status":"closed","ping_status":"closed","template":"","meta":{"site-sidebar-layout":"default","site-content-layout":"default","ast-main-header-display":"","ast-hfb-above-header-display":"","ast-hfb-below-header-display":"","ast-hfb-mobile-header-display":"","site-post-title":"","ast-breadcrumbs-content":"","ast-featured-img":"","footer-sml-layout":"","theme-transparent-header-meta":"","adv-header-id-meta":"","stick-header-meta":"","header-above-stick-meta":"","header-main-stick-meta":"","header-below-stick-meta":"","footnotes":""},"class_list":["post-74392","page","type-page","status-publish","hentry"],"_links":{"self":[{"href":"https:\/\/bengalmeat.com\/content\/wp-json\/wp\/v2\/pages\/74392","targetHints":{"allow":["GET"]}}],"collection":[{"href":"https:\/\/bengalmeat.com\/content\/wp-json\/wp\/v2\/pages"}],"about":[{"href":"https:\/\/bengalmeat.com\/content\/wp-json\/wp\/v2\/types\/page"}],"author":[{"embeddable":true,"href":"https:\/\/bengalmeat.com\/content\/wp-json\/wp\/v2\/users\/1"}],"replies":[{"embeddable":true,"href":"https:\/\/bengalmeat.com\/content\/wp-json\/wp\/v2\/comments?post=74392"}],"version-history":[{"count":1,"href":"https:\/\/bengalmeat.com\/content\/wp-json\/wp\/v2\/pages\/74392\/revisions"}],"predecessor-version":[{"id":74393,"href":"https:\/\/bengalmeat.com\/content\/wp-json\/wp\/v2\/pages\/74392\/revisions\/74393"}],"wp:attachment":[{"href":"https:\/\/bengalmeat.com\/content\/wp-json\/wp\/v2\/media?parent=74392"}],"curies":[{"name":"wp","href":"https:\/\/api.w.org\/{rel}","templated":true}]}}