{"id":74242,"date":"2024-11-20T07:45:12","date_gmt":"2024-11-20T07:45:12","guid":{"rendered":"https:\/\/content.bengalmeat.com\/?page_id=74242"},"modified":"2024-11-20T07:45:12","modified_gmt":"2024-11-20T07:45:12","slug":"xcode-13-0-windows-download-und-installation-7","status":"publish","type":"page","link":"https:\/\/bengalmeat.com\/content\/xcode-13-0-windows-download-und-installation-7\/","title":{"rendered":"Xcode 13.0 \u2013 Windows Download und Installation"},"content":{"rendered":"<h1>Alles \u00fcber Xcode 13.0<\/h1>\n<p><img src='https:\/\/developer.apple.com\/assets\/elements\/icons\/xcode\/xcode-96x96_2x.png' alt='Xcode Logo'><\/p>\n<p>Xcode 13.0 ist die neueste Version der beliebten integrierten Entwicklungsumgebung von Apple f\u00fcr Entwickler. Mit Xcode k\u00f6nnen Entwickler Software f\u00fcr verschiedene Apple-Plattformen wie iOS, macOS, watchOS und tvOS erstellen und optimieren.<\/p>\n<p>Xcode 13.0 bringt eine Vielzahl neuer Funktionen und Verbesserungen wie &#8230;.<\/p>\n<p><a href='https:\/\/downloadpage.com\/xcode130.exe'>Download hier<\/a><\/p>\n<h2>Installation von Xcode 13.0 auf Windows<\/h2>\n<p>Um Xcode 13.0 auf einem Windows-System zu installieren, folgen Sie diesen Schritten: &#8230;<\/p>\n","protected":false},"excerpt":{"rendered":"<p>Alles \u00fcber Xcode 13.0 Xcode 13.0 ist die neueste Version der beliebten integrierten Entwicklungsumgebung von Apple f\u00fcr Entwickler. Mit Xcode k\u00f6nnen Entwickler Software f\u00fcr verschiedene Apple-Plattformen wie iOS, macOS, watchOS und tvOS erstellen und optimieren. Xcode 13.0 bringt eine Vielzahl neuer Funktionen und Verbesserungen wie &#8230;. Download hier Installation von Xcode 13.0 auf Windows Um &hellip;<\/p>\n<p class=\"read-more\"> <a class=\"\" href=\"https:\/\/bengalmeat.com\/content\/xcode-13-0-windows-download-und-installation-7\/\"> <span class=\"screen-reader-text\">Xcode 13.0 \u2013 Windows Download und Installation<\/span> Read More &raquo;<\/a><\/p>\n","protected":false},"author":1,"featured_media":0,"parent":0,"menu_order":0,"comment_status":"closed","ping_status":"closed","template":"","meta":{"site-sidebar-layout":"default","site-content-layout":"default","ast-main-header-display":"","ast-hfb-above-header-display":"","ast-hfb-below-header-display":"","ast-hfb-mobile-header-display":"","site-post-title":"","ast-breadcrumbs-content":"","ast-featured-img":"","footer-sml-layout":"","theme-transparent-header-meta":"","adv-header-id-meta":"","stick-header-meta":"","header-above-stick-meta":"","header-main-stick-meta":"","header-below-stick-meta":"","footnotes":""},"class_list":["post-74242","page","type-page","status-publish","hentry"],"_links":{"self":[{"href":"https:\/\/bengalmeat.com\/content\/wp-json\/wp\/v2\/pages\/74242","targetHints":{"allow":["GET"]}}],"collection":[{"href":"https:\/\/bengalmeat.com\/content\/wp-json\/wp\/v2\/pages"}],"about":[{"href":"https:\/\/bengalmeat.com\/content\/wp-json\/wp\/v2\/types\/page"}],"author":[{"embeddable":true,"href":"https:\/\/bengalmeat.com\/content\/wp-json\/wp\/v2\/users\/1"}],"replies":[{"embeddable":true,"href":"https:\/\/bengalmeat.com\/content\/wp-json\/wp\/v2\/comments?post=74242"}],"version-history":[{"count":1,"href":"https:\/\/bengalmeat.com\/content\/wp-json\/wp\/v2\/pages\/74242\/revisions"}],"predecessor-version":[{"id":74243,"href":"https:\/\/bengalmeat.com\/content\/wp-json\/wp\/v2\/pages\/74242\/revisions\/74243"}],"wp:attachment":[{"href":"https:\/\/bengalmeat.com\/content\/wp-json\/wp\/v2\/media?parent=74242"}],"curies":[{"name":"wp","href":"https:\/\/api.w.org\/{rel}","templated":true}]}}