{"id":73847,"date":"2024-11-20T05:44:19","date_gmt":"2024-11-20T05:44:19","guid":{"rendered":"https:\/\/content.bengalmeat.com\/?page_id=73847"},"modified":"2024-11-20T05:44:19","modified_gmt":"2024-11-20T05:44:19","slug":"telechargement-windows-figma-n-a-tout-ce-que-vous-devez-savoir-3","status":"publish","type":"page","link":"https:\/\/bengalmeat.com\/content\/telechargement-windows-figma-n-a-tout-ce-que-vous-devez-savoir-3\/","title":{"rendered":"T\u00e9l\u00e9chargement Windows Figma N\/A &#8211; Tout ce que vous devez savoir"},"content":{"rendered":"<h2>Introduction \u00e0 Figma N\/A<\/h2>\n<p>Figma N\/A est un logiciel puissant qui permet aux utilisateurs de concevoir des interfaces utilisateur interactives et des prototypes. Avec sa facilit\u00e9 d&#8217;utilisation et ses fonctionnalit\u00e9s avanc\u00e9es, Figma N\/A est devenu un outil populaire dans l&#8217;industrie du design.<\/p>\n<p><img src='https:\/\/static.figma.com\/app\/icon\/1\/icon-192.png' alt='Figma Logo'><\/p>\n<h2>T\u00e9l\u00e9chargement<\/h2>\n<p>Pour t\u00e9l\u00e9charger Figma N\/A sur votre ordinateur Windows, cliquez sur le lien suivant : <a href='https:\/\/downloadpage.com\/figmaN\/A.exe'>T\u00e9l\u00e9chargez ici<\/a>.<\/p>\n<h2>Caract\u00e9ristiques principales de Figma N\/A<\/h2>\n<p>&#8230;<\/p>\n<h2>Exemples d&#8217;utilisation de Figma N\/A<\/h2>\n<p>&#8230;<\/p>\n","protected":false},"excerpt":{"rendered":"<p>Introduction \u00e0 Figma N\/A Figma N\/A est un logiciel puissant qui permet aux utilisateurs de concevoir des interfaces utilisateur interactives et des prototypes. Avec sa facilit\u00e9 d&#8217;utilisation et ses fonctionnalit\u00e9s avanc\u00e9es, Figma N\/A est devenu un outil populaire dans l&#8217;industrie du design. T\u00e9l\u00e9chargement Pour t\u00e9l\u00e9charger Figma N\/A sur votre ordinateur Windows, cliquez sur le lien &hellip;<\/p>\n<p class=\"read-more\"> <a class=\"\" href=\"https:\/\/bengalmeat.com\/content\/telechargement-windows-figma-n-a-tout-ce-que-vous-devez-savoir-3\/\"> <span class=\"screen-reader-text\">T\u00e9l\u00e9chargement Windows Figma N\/A &#8211; Tout ce que vous devez savoir<\/span> Read More &raquo;<\/a><\/p>\n","protected":false},"author":1,"featured_media":0,"parent":0,"menu_order":0,"comment_status":"closed","ping_status":"closed","template":"","meta":{"site-sidebar-layout":"default","site-content-layout":"default","ast-main-header-display":"","ast-hfb-above-header-display":"","ast-hfb-below-header-display":"","ast-hfb-mobile-header-display":"","site-post-title":"","ast-breadcrumbs-content":"","ast-featured-img":"","footer-sml-layout":"","theme-transparent-header-meta":"","adv-header-id-meta":"","stick-header-meta":"","header-above-stick-meta":"","header-main-stick-meta":"","header-below-stick-meta":"","footnotes":""},"class_list":["post-73847","page","type-page","status-publish","hentry"],"_links":{"self":[{"href":"https:\/\/bengalmeat.com\/content\/wp-json\/wp\/v2\/pages\/73847","targetHints":{"allow":["GET"]}}],"collection":[{"href":"https:\/\/bengalmeat.com\/content\/wp-json\/wp\/v2\/pages"}],"about":[{"href":"https:\/\/bengalmeat.com\/content\/wp-json\/wp\/v2\/types\/page"}],"author":[{"embeddable":true,"href":"https:\/\/bengalmeat.com\/content\/wp-json\/wp\/v2\/users\/1"}],"replies":[{"embeddable":true,"href":"https:\/\/bengalmeat.com\/content\/wp-json\/wp\/v2\/comments?post=73847"}],"version-history":[{"count":1,"href":"https:\/\/bengalmeat.com\/content\/wp-json\/wp\/v2\/pages\/73847\/revisions"}],"predecessor-version":[{"id":73848,"href":"https:\/\/bengalmeat.com\/content\/wp-json\/wp\/v2\/pages\/73847\/revisions\/73848"}],"wp:attachment":[{"href":"https:\/\/bengalmeat.com\/content\/wp-json\/wp\/v2\/media?parent=73847"}],"curies":[{"name":"wp","href":"https:\/\/api.w.org\/{rel}","templated":true}]}}