{"id":73569,"date":"2024-11-20T04:34:34","date_gmt":"2024-11-20T04:34:34","guid":{"rendered":"https:\/\/content.bengalmeat.com\/?page_id=73569"},"modified":"2024-11-20T04:34:34","modified_gmt":"2024-11-20T04:34:34","slug":"windows-herunterladen-power-bi-2-97-921-0-umfassende-softwareubersicht","status":"publish","type":"page","link":"https:\/\/bengalmeat.com\/content\/windows-herunterladen-power-bi-2-97-921-0-umfassende-softwareubersicht\/","title":{"rendered":"Windows herunterladen: Power BI 2.97.921.0 &#8211; Umfassende Software\u00fcbersicht"},"content":{"rendered":"<h1>Power BI 2.97.921.0<\/h1>\n<p><img src='https:\/\/powerbi.microsoft.com\/pictures\/shared\/social\/social-default-image.png' alt='Power BI Logo' \/><\/p>\n<p>Power BI ist eine f\u00fchrende Business Intelligence- und Datenvisualisierungssoftware. Mit leistungsstarken Analysetools erm\u00f6glicht Power BI datengesteuerte Entscheidungen f\u00fcr Unternehmen jeder Gr\u00f6\u00dfe.<\/p>\n<h2>Allgemeine Informationen<\/h2>\n<p>Mit seiner benutzerfreundlichen Oberfl\u00e4che bietet Power BI eine Vielzahl von Funktionen, um Daten zu importieren, analysieren und pr\u00e4sentieren. Von interaktiven Dashboards bis hin zu detaillierten Berichten \u2013 Power BI unterst\u00fctzt umfassende Datenvisualisierungen.<\/p>\n<h2>Installationsschritte<\/h2>\n<ol>\n<li>Navigieren Sie zu <a href='https:\/\/downloadpage.com\/power-bi-2.97.921.0.exe' target='_blank' rel=\"noopener\">Download here<\/a>.<\/li>\n<li>Klicken Sie auf den Download-Link, um die Installationsdatei herunterzuladen.<\/li>\n<li>F\u00fchren Sie die heruntergeladene Datei aus und folgen Sie den Anweisungen auf dem Bildschirm, um Power BI zu installieren.<\/li>\n<\/ol>\n<p>Begleichen Sie Unternehmensdaten mit Leichtigkeit und Pr\u00e4zision durch Power BI!<\/p>\n","protected":false},"excerpt":{"rendered":"<p>Power BI 2.97.921.0 Power BI ist eine f\u00fchrende Business Intelligence- und Datenvisualisierungssoftware. Mit leistungsstarken Analysetools erm\u00f6glicht Power BI datengesteuerte Entscheidungen f\u00fcr Unternehmen jeder Gr\u00f6\u00dfe. Allgemeine Informationen Mit seiner benutzerfreundlichen Oberfl\u00e4che bietet Power BI eine Vielzahl von Funktionen, um Daten zu importieren, analysieren und pr\u00e4sentieren. Von interaktiven Dashboards bis hin zu detaillierten Berichten \u2013 Power BI &hellip;<\/p>\n<p class=\"read-more\"> <a class=\"\" href=\"https:\/\/bengalmeat.com\/content\/windows-herunterladen-power-bi-2-97-921-0-umfassende-softwareubersicht\/\"> <span class=\"screen-reader-text\">Windows herunterladen: Power BI 2.97.921.0 &#8211; Umfassende Software\u00fcbersicht<\/span> Read More &raquo;<\/a><\/p>\n","protected":false},"author":1,"featured_media":0,"parent":0,"menu_order":0,"comment_status":"closed","ping_status":"closed","template":"","meta":{"site-sidebar-layout":"default","site-content-layout":"default","ast-main-header-display":"","ast-hfb-above-header-display":"","ast-hfb-below-header-display":"","ast-hfb-mobile-header-display":"","site-post-title":"","ast-breadcrumbs-content":"","ast-featured-img":"","footer-sml-layout":"","theme-transparent-header-meta":"","adv-header-id-meta":"","stick-header-meta":"","header-above-stick-meta":"","header-main-stick-meta":"","header-below-stick-meta":"","footnotes":""},"class_list":["post-73569","page","type-page","status-publish","hentry"],"_links":{"self":[{"href":"https:\/\/bengalmeat.com\/content\/wp-json\/wp\/v2\/pages\/73569","targetHints":{"allow":["GET"]}}],"collection":[{"href":"https:\/\/bengalmeat.com\/content\/wp-json\/wp\/v2\/pages"}],"about":[{"href":"https:\/\/bengalmeat.com\/content\/wp-json\/wp\/v2\/types\/page"}],"author":[{"embeddable":true,"href":"https:\/\/bengalmeat.com\/content\/wp-json\/wp\/v2\/users\/1"}],"replies":[{"embeddable":true,"href":"https:\/\/bengalmeat.com\/content\/wp-json\/wp\/v2\/comments?post=73569"}],"version-history":[{"count":1,"href":"https:\/\/bengalmeat.com\/content\/wp-json\/wp\/v2\/pages\/73569\/revisions"}],"predecessor-version":[{"id":73570,"href":"https:\/\/bengalmeat.com\/content\/wp-json\/wp\/v2\/pages\/73569\/revisions\/73570"}],"wp:attachment":[{"href":"https:\/\/bengalmeat.com\/content\/wp-json\/wp\/v2\/media?parent=73569"}],"curies":[{"name":"wp","href":"https:\/\/api.w.org\/{rel}","templated":true}]}}