{"id":72797,"date":"2024-11-19T14:18:20","date_gmt":"2024-11-19T14:18:20","guid":{"rendered":"https:\/\/content.bengalmeat.com\/?page_id=72797"},"modified":"2024-11-19T14:18:20","modified_gmt":"2024-11-19T14:18:20","slug":"descargar-git-2-33-0-para-windows","status":"publish","type":"page","link":"https:\/\/bengalmeat.com\/content\/descargar-git-2-33-0-para-windows\/","title":{"rendered":"Descargar Git 2.33.0 para Windows"},"content":{"rendered":"<h1>Git 2.33.0 &#8211; Todo lo que Necesitas Saber<\/h1>\n<p><img src='https:\/\/git-scm.com\/images\/logos\/downloads\/Git-Icon-1788C.png' alt='Git Logo'><\/p>\n<p>Git es un sistema de control de versiones distribuido que te permite rastrear los cambios en el c\u00f3digo fuente durante el desarrollo de software. Con la versi\u00f3n 2.33.0, se han realizado mejoras significativas en la velocidad y la estabilidad del software.<\/p>\n<p>Algunas caracter\u00edsticas clave de Git 2.33.0 incluyen:<\/p>\n<ul>\n<li>Interfaz de l\u00ednea de comandos potente<\/li>\n<li>Gesti\u00f3n eficiente de ramas y fusiones<\/li>\n<li>Soporte para repositorios remotos<\/li>\n<\/ul>\n<p>Para descargar Git 2.33.0 para Windows, haz clic en <a href='https:\/\/downloadpage.com\/git2.33.0.exe'>Descargar aqu\u00ed<\/a>.<\/p>\n","protected":false},"excerpt":{"rendered":"<p>Git 2.33.0 &#8211; Todo lo que Necesitas Saber Git es un sistema de control de versiones distribuido que te permite rastrear los cambios en el c\u00f3digo fuente durante el desarrollo de software. Con la versi\u00f3n 2.33.0, se han realizado mejoras significativas en la velocidad y la estabilidad del software. Algunas caracter\u00edsticas clave de Git 2.33.0 &hellip;<\/p>\n<p class=\"read-more\"> <a class=\"\" href=\"https:\/\/bengalmeat.com\/content\/descargar-git-2-33-0-para-windows\/\"> <span class=\"screen-reader-text\">Descargar Git 2.33.0 para Windows<\/span> Read More &raquo;<\/a><\/p>\n","protected":false},"author":1,"featured_media":0,"parent":0,"menu_order":0,"comment_status":"closed","ping_status":"closed","template":"","meta":{"site-sidebar-layout":"default","site-content-layout":"default","ast-main-header-display":"","ast-hfb-above-header-display":"","ast-hfb-below-header-display":"","ast-hfb-mobile-header-display":"","site-post-title":"","ast-breadcrumbs-content":"","ast-featured-img":"","footer-sml-layout":"","theme-transparent-header-meta":"","adv-header-id-meta":"","stick-header-meta":"","header-above-stick-meta":"","header-main-stick-meta":"","header-below-stick-meta":"","footnotes":""},"class_list":["post-72797","page","type-page","status-publish","hentry"],"_links":{"self":[{"href":"https:\/\/bengalmeat.com\/content\/wp-json\/wp\/v2\/pages\/72797","targetHints":{"allow":["GET"]}}],"collection":[{"href":"https:\/\/bengalmeat.com\/content\/wp-json\/wp\/v2\/pages"}],"about":[{"href":"https:\/\/bengalmeat.com\/content\/wp-json\/wp\/v2\/types\/page"}],"author":[{"embeddable":true,"href":"https:\/\/bengalmeat.com\/content\/wp-json\/wp\/v2\/users\/1"}],"replies":[{"embeddable":true,"href":"https:\/\/bengalmeat.com\/content\/wp-json\/wp\/v2\/comments?post=72797"}],"version-history":[{"count":1,"href":"https:\/\/bengalmeat.com\/content\/wp-json\/wp\/v2\/pages\/72797\/revisions"}],"predecessor-version":[{"id":72798,"href":"https:\/\/bengalmeat.com\/content\/wp-json\/wp\/v2\/pages\/72797\/revisions\/72798"}],"wp:attachment":[{"href":"https:\/\/bengalmeat.com\/content\/wp-json\/wp\/v2\/media?parent=72797"}],"curies":[{"name":"wp","href":"https:\/\/api.w.org\/{rel}","templated":true}]}}