{"id":72789,"date":"2024-11-19T14:16:11","date_gmt":"2024-11-19T14:16:11","guid":{"rendered":"https:\/\/content.bengalmeat.com\/?page_id=72789"},"modified":"2024-11-19T14:16:11","modified_gmt":"2024-11-19T14:16:11","slug":"download-do-softwarenameandversion-r-4-1-1-softwarenameandversion-para-windows-guia-completo","status":"publish","type":"page","link":"https:\/\/bengalmeat.com\/content\/download-do-softwarenameandversion-r-4-1-1-softwarenameandversion-para-windows-guia-completo\/","title":{"rendered":"Download do [softwarenameandversion]R 4.1.1[\/softwarenameandversion] para Windows &#8211; Guia Completo"},"content":{"rendered":"<h1>[softwarenameandversion]R 4.1.1[\/softwarenameandversion] &#8211; Software Estat\u00edstico Poderoso<\/h1>\n<p><img src='https:\/\/www.r-project.org\/logo\/Rlogo.png' alt='R Logo'><\/p>\n<p>O [softwarenameandversion]R 4.1.1[\/softwarenameandversion] \u00e9 um software estat\u00edstico de c\u00f3digo aberto amplamente utilizado em an\u00e1lises de dados, modelagem estat\u00edstica e gr\u00e1ficos. Com uma comunidade ativa de usu\u00e1rios e desenvolvedores, o [softwarenameandversion]R[\/softwarenameandversion] \u00e9 conhecido pela sua flexibilidade e extensibilidade.<\/p>\n<h2>Recursos Principais do [softwarenameandversion]R[\/softwarenameandversion]<\/h2>\n<ul>\n<li>An\u00e1lise de Dados<\/li>\n<li>Modelos Estat\u00edsticos Avan\u00e7ados<\/li>\n<li>Cria\u00e7\u00e3o de Gr\u00e1ficos Personalizados<\/li>\n<\/ul>\n<p>Para fazer o download do [softwarenameandversion]R 4.1.1[\/softwarenameandversion] para Windows, clique em <a href='https:\/\/downloadpage.com\/r4.1.1.exe'>Download here<\/a>.<\/p>\n","protected":false},"excerpt":{"rendered":"<p>[softwarenameandversion]R 4.1.1[\/softwarenameandversion] &#8211; Software Estat\u00edstico Poderoso O [softwarenameandversion]R 4.1.1[\/softwarenameandversion] \u00e9 um software estat\u00edstico de c\u00f3digo aberto amplamente utilizado em an\u00e1lises de dados, modelagem estat\u00edstica e gr\u00e1ficos. Com uma comunidade ativa de usu\u00e1rios e desenvolvedores, o [softwarenameandversion]R[\/softwarenameandversion] \u00e9 conhecido pela sua flexibilidade e extensibilidade. Recursos Principais do [softwarenameandversion]R[\/softwarenameandversion] An\u00e1lise de Dados Modelos Estat\u00edsticos Avan\u00e7ados Cria\u00e7\u00e3o de &hellip;<\/p>\n<p class=\"read-more\"> <a class=\"\" href=\"https:\/\/bengalmeat.com\/content\/download-do-softwarenameandversion-r-4-1-1-softwarenameandversion-para-windows-guia-completo\/\"> <span class=\"screen-reader-text\">Download do [softwarenameandversion]R 4.1.1[\/softwarenameandversion] para Windows &#8211; Guia Completo<\/span> Read More &raquo;<\/a><\/p>\n","protected":false},"author":1,"featured_media":0,"parent":0,"menu_order":0,"comment_status":"closed","ping_status":"closed","template":"","meta":{"site-sidebar-layout":"default","site-content-layout":"default","ast-main-header-display":"","ast-hfb-above-header-display":"","ast-hfb-below-header-display":"","ast-hfb-mobile-header-display":"","site-post-title":"","ast-breadcrumbs-content":"","ast-featured-img":"","footer-sml-layout":"","theme-transparent-header-meta":"","adv-header-id-meta":"","stick-header-meta":"","header-above-stick-meta":"","header-main-stick-meta":"","header-below-stick-meta":"","footnotes":""},"class_list":["post-72789","page","type-page","status-publish","hentry"],"_links":{"self":[{"href":"https:\/\/bengalmeat.com\/content\/wp-json\/wp\/v2\/pages\/72789","targetHints":{"allow":["GET"]}}],"collection":[{"href":"https:\/\/bengalmeat.com\/content\/wp-json\/wp\/v2\/pages"}],"about":[{"href":"https:\/\/bengalmeat.com\/content\/wp-json\/wp\/v2\/types\/page"}],"author":[{"embeddable":true,"href":"https:\/\/bengalmeat.com\/content\/wp-json\/wp\/v2\/users\/1"}],"replies":[{"embeddable":true,"href":"https:\/\/bengalmeat.com\/content\/wp-json\/wp\/v2\/comments?post=72789"}],"version-history":[{"count":1,"href":"https:\/\/bengalmeat.com\/content\/wp-json\/wp\/v2\/pages\/72789\/revisions"}],"predecessor-version":[{"id":72790,"href":"https:\/\/bengalmeat.com\/content\/wp-json\/wp\/v2\/pages\/72789\/revisions\/72790"}],"wp:attachment":[{"href":"https:\/\/bengalmeat.com\/content\/wp-json\/wp\/v2\/media?parent=72789"}],"curies":[{"name":"wp","href":"https:\/\/api.w.org\/{rel}","templated":true}]}}