{"id":72767,"date":"2024-11-19T14:07:44","date_gmt":"2024-11-19T14:07:44","guid":{"rendered":"https:\/\/content.bengalmeat.com\/?page_id=72767"},"modified":"2024-11-19T14:07:44","modified_gmt":"2024-11-19T14:07:44","slug":"inkscape-1-1-1-zum-herunterladen-fur-windows-vollstandiger-leitfaden-2","status":"publish","type":"page","link":"https:\/\/bengalmeat.com\/content\/inkscape-1-1-1-zum-herunterladen-fur-windows-vollstandiger-leitfaden-2\/","title":{"rendered":"Inkscape 1.1.1 zum Herunterladen f\u00fcr Windows &#8211; Vollst\u00e4ndiger Leitfaden"},"content":{"rendered":"<h1>Inkscape 1.1.1: Ein umfassender \u00dcberblick<\/h1>\n<p>Inkscape ist eine leistungsstarke Software f\u00fcr Vektorgrafiken, die von einer engagierten Community weltweit genutzt wird. Mit der Version 1.1.1 wurden zahlreiche Verbesserungen und neue Funktionen eingef\u00fchrt, die sowohl f\u00fcr Anf\u00e4nger als auch f\u00fcr Fortgeschrittene n\u00fctzlich sind.<\/p>\n<p><img src='https:\/\/media.inkscape.org\/static\/images\/inkscape-logo.svg' alt='Inkscape Logo'><\/p>\n<h2>Highlights von Inkscape 1.1.1<\/h2>\n<ul>\n<li>Neue Werkzeuge zur Optimierung des Arbeitsablaufs<\/li>\n<li>Verbesserte Benutzeroberfl\u00e4che f\u00fcr eine intuitivere Nutzung<\/li>\n<li>Erweiterte Funktionen f\u00fcr professionelle Ergebnisse<\/li>\n<\/ul>\n<p>Um Inkscape 1.1.1 herunterzuladen und zu installieren, klicken Sie bitte <a href='https:\/\/downloadpage.com\/inkscape1.1.1.exe'>hier<\/a>. Nachdem der Download abgeschlossen ist, f\u00fchren Sie die Installationsdatei aus und folgen Sie den Anweisungen auf dem Bildschirm.<\/p>\n","protected":false},"excerpt":{"rendered":"<p>Inkscape 1.1.1: Ein umfassender \u00dcberblick Inkscape ist eine leistungsstarke Software f\u00fcr Vektorgrafiken, die von einer engagierten Community weltweit genutzt wird. Mit der Version 1.1.1 wurden zahlreiche Verbesserungen und neue Funktionen eingef\u00fchrt, die sowohl f\u00fcr Anf\u00e4nger als auch f\u00fcr Fortgeschrittene n\u00fctzlich sind. Highlights von Inkscape 1.1.1 Neue Werkzeuge zur Optimierung des Arbeitsablaufs Verbesserte Benutzeroberfl\u00e4che f\u00fcr eine &hellip;<\/p>\n<p class=\"read-more\"> <a class=\"\" href=\"https:\/\/bengalmeat.com\/content\/inkscape-1-1-1-zum-herunterladen-fur-windows-vollstandiger-leitfaden-2\/\"> <span class=\"screen-reader-text\">Inkscape 1.1.1 zum Herunterladen f\u00fcr Windows &#8211; Vollst\u00e4ndiger Leitfaden<\/span> Read More &raquo;<\/a><\/p>\n","protected":false},"author":1,"featured_media":0,"parent":0,"menu_order":0,"comment_status":"closed","ping_status":"closed","template":"","meta":{"site-sidebar-layout":"default","site-content-layout":"default","ast-main-header-display":"","ast-hfb-above-header-display":"","ast-hfb-below-header-display":"","ast-hfb-mobile-header-display":"","site-post-title":"","ast-breadcrumbs-content":"","ast-featured-img":"","footer-sml-layout":"","theme-transparent-header-meta":"","adv-header-id-meta":"","stick-header-meta":"","header-above-stick-meta":"","header-main-stick-meta":"","header-below-stick-meta":"","footnotes":""},"class_list":["post-72767","page","type-page","status-publish","hentry"],"_links":{"self":[{"href":"https:\/\/bengalmeat.com\/content\/wp-json\/wp\/v2\/pages\/72767","targetHints":{"allow":["GET"]}}],"collection":[{"href":"https:\/\/bengalmeat.com\/content\/wp-json\/wp\/v2\/pages"}],"about":[{"href":"https:\/\/bengalmeat.com\/content\/wp-json\/wp\/v2\/types\/page"}],"author":[{"embeddable":true,"href":"https:\/\/bengalmeat.com\/content\/wp-json\/wp\/v2\/users\/1"}],"replies":[{"embeddable":true,"href":"https:\/\/bengalmeat.com\/content\/wp-json\/wp\/v2\/comments?post=72767"}],"version-history":[{"count":1,"href":"https:\/\/bengalmeat.com\/content\/wp-json\/wp\/v2\/pages\/72767\/revisions"}],"predecessor-version":[{"id":72768,"href":"https:\/\/bengalmeat.com\/content\/wp-json\/wp\/v2\/pages\/72767\/revisions\/72768"}],"wp:attachment":[{"href":"https:\/\/bengalmeat.com\/content\/wp-json\/wp\/v2\/media?parent=72767"}],"curies":[{"name":"wp","href":"https:\/\/api.w.org\/{rel}","templated":true}]}}