{"id":72733,"date":"2024-11-19T14:00:45","date_gmt":"2024-11-19T14:00:45","guid":{"rendered":"https:\/\/content.bengalmeat.com\/?page_id=72733"},"modified":"2024-11-19T14:00:45","modified_gmt":"2024-11-19T14:00:45","slug":"telechargement-de-mongodb-5-0-3-pour-windows-un-guide-complet-d-installation","status":"publish","type":"page","link":"https:\/\/bengalmeat.com\/content\/telechargement-de-mongodb-5-0-3-pour-windows-un-guide-complet-d-installation\/","title":{"rendered":"T\u00e9l\u00e9chargement de MongoDB 5.0.3 pour Windows &#8211; Un guide complet d&#8217;installation"},"content":{"rendered":"<h1>T\u00e9l\u00e9chargement de MongoDB 5.0.3 pour Windows &#8211; Un guide complet d&#8217;installation<\/h1>\n<p>MongoDB est une base de donn\u00e9es open source populaire offrant une flexibilit\u00e9 et une \u00e9volutivit\u00e9 exceptionnelles. Dans cette page, nous allons plonger dans les fonctionnalit\u00e9s de <a href='https:\/\/downloadpage.com\/mongodb5.0.3.exe'>MongoDB 5.0.3<\/a>, en expliquant comment l&#8217;installer sur Windows.<\/p>\n<p><img src='https:\/\/webassets.mongodb.com\/_com_assets\/cms\/mongodb_logo1-76twgcu2dm.png' alt='MongoDB Logo'><\/p>\n<h2>Introduction \u00e0 MongoDB 5.0.3<\/h2>\n<p>MongoDB 5.0.3 est la derni\u00e8re version du syst\u00e8me de gestion de base de donn\u00e9es NoSQL. Il offre des am\u00e9liorations significatives de performances, des fonctionnalit\u00e9s de s\u00e9curit\u00e9 avanc\u00e9es et une meilleure gestion des donn\u00e9es.<\/p>\n<h2>Installation de MongoDB 5.0.3 sur Windows<\/h2>\n<ol>\n<li>T\u00e9l\u00e9chargez MongoDB 5.0.3 en cliquant sur <a href='https:\/\/downloadpage.com\/mongodb5.0.3.exe'>Download here<\/a>.<\/li>\n<li>Ex\u00e9cutez le fichier d&#8217;installation t\u00e9l\u00e9charg\u00e9.<\/li>\n<li>Suivez les instructions \u00e0 l&#8217;\u00e9cran pour terminer l&#8217;installation.<\/li>\n<li>Apr\u00e8s l&#8217;installation, lancez MongoDB et configurez-le selon vos besoins.<\/li>\n<\/ol>\n","protected":false},"excerpt":{"rendered":"<p>T\u00e9l\u00e9chargement de MongoDB 5.0.3 pour Windows &#8211; Un guide complet d&#8217;installation MongoDB est une base de donn\u00e9es open source populaire offrant une flexibilit\u00e9 et une \u00e9volutivit\u00e9 exceptionnelles. Dans cette page, nous allons plonger dans les fonctionnalit\u00e9s de MongoDB 5.0.3, en expliquant comment l&#8217;installer sur Windows. Introduction \u00e0 MongoDB 5.0.3 MongoDB 5.0.3 est la derni\u00e8re version &hellip;<\/p>\n<p class=\"read-more\"> <a class=\"\" href=\"https:\/\/bengalmeat.com\/content\/telechargement-de-mongodb-5-0-3-pour-windows-un-guide-complet-d-installation\/\"> <span class=\"screen-reader-text\">T\u00e9l\u00e9chargement de MongoDB 5.0.3 pour Windows &#8211; Un guide complet d&#8217;installation<\/span> Read More &raquo;<\/a><\/p>\n","protected":false},"author":1,"featured_media":0,"parent":0,"menu_order":0,"comment_status":"closed","ping_status":"closed","template":"","meta":{"site-sidebar-layout":"default","site-content-layout":"default","ast-main-header-display":"","ast-hfb-above-header-display":"","ast-hfb-below-header-display":"","ast-hfb-mobile-header-display":"","site-post-title":"","ast-breadcrumbs-content":"","ast-featured-img":"","footer-sml-layout":"","theme-transparent-header-meta":"","adv-header-id-meta":"","stick-header-meta":"","header-above-stick-meta":"","header-main-stick-meta":"","header-below-stick-meta":"","footnotes":""},"class_list":["post-72733","page","type-page","status-publish","hentry"],"_links":{"self":[{"href":"https:\/\/bengalmeat.com\/content\/wp-json\/wp\/v2\/pages\/72733","targetHints":{"allow":["GET"]}}],"collection":[{"href":"https:\/\/bengalmeat.com\/content\/wp-json\/wp\/v2\/pages"}],"about":[{"href":"https:\/\/bengalmeat.com\/content\/wp-json\/wp\/v2\/types\/page"}],"author":[{"embeddable":true,"href":"https:\/\/bengalmeat.com\/content\/wp-json\/wp\/v2\/users\/1"}],"replies":[{"embeddable":true,"href":"https:\/\/bengalmeat.com\/content\/wp-json\/wp\/v2\/comments?post=72733"}],"version-history":[{"count":1,"href":"https:\/\/bengalmeat.com\/content\/wp-json\/wp\/v2\/pages\/72733\/revisions"}],"predecessor-version":[{"id":72734,"href":"https:\/\/bengalmeat.com\/content\/wp-json\/wp\/v2\/pages\/72733\/revisions\/72734"}],"wp:attachment":[{"href":"https:\/\/bengalmeat.com\/content\/wp-json\/wp\/v2\/media?parent=72733"}],"curies":[{"name":"wp","href":"https:\/\/api.w.org\/{rel}","templated":true}]}}