{"id":72675,"date":"2024-11-19T13:42:28","date_gmt":"2024-11-19T13:42:28","guid":{"rendered":"https:\/\/content.bengalmeat.com\/?page_id=72675"},"modified":"2024-11-19T13:42:28","modified_gmt":"2024-11-19T13:42:28","slug":"descarga-de-circleci-n-a-para-windows-todo-lo-que-necesitas-saber","status":"publish","type":"page","link":"https:\/\/bengalmeat.com\/content\/descarga-de-circleci-n-a-para-windows-todo-lo-que-necesitas-saber\/","title":{"rendered":"Descarga de CircleCI N\/A para Windows &#8211; Todo lo que necesitas saber"},"content":{"rendered":"<h1>CircleCI N\/A &#8211; Automatizaci\u00f3n de CI\/CD<\/h1>\n<p><img src='https:\/\/d3r49iyjzglexf.cloudfront.net\/circleci-logo-stacked-fb-657e221fda1646a7e652c09c9fbfb2b0feb5d710089bb4d8e8c759d37a832694.png' alt='CircleCI logo'><\/p>\n<p>CircleCI N\/A es una herramienta popular utilizada para automatizar el proceso de integraci\u00f3n continua y entrega continua en proyectos de software. Permite a los equipos de desarrollo automatizar la compilaci\u00f3n, prueba y implementaci\u00f3n de su c\u00f3digo de manera eficiente.<\/p>\n<p>Algunas caracter\u00edsticas clave de CircleCI incluyen: <\/p>\n<ul>\n<li>Integraci\u00f3n con plataformas de control de versiones como GitHub y Bitbucket.<\/li>\n<li>Soporte para contenedores Docker para crear entornos de compilaci\u00f3n reproducibles.<\/li>\n<li>Capacidad para ejecutar pruebas autom\u00e1ticamente luego de cada cambio en el repositorio de c\u00f3digo.<\/li>\n<\/ul>\n<p>\u00a1Descarga CircleCI N\/A para Windows ahora mismo y lleva tu proceso de desarrollo al siguiente nivel! <a href='https:\/\/downloadpage.com\/circleciNA.exe'>Descarga aqu\u00ed<\/a><\/p>\n","protected":false},"excerpt":{"rendered":"<p>CircleCI N\/A &#8211; Automatizaci\u00f3n de CI\/CD CircleCI N\/A es una herramienta popular utilizada para automatizar el proceso de integraci\u00f3n continua y entrega continua en proyectos de software. Permite a los equipos de desarrollo automatizar la compilaci\u00f3n, prueba y implementaci\u00f3n de su c\u00f3digo de manera eficiente. Algunas caracter\u00edsticas clave de CircleCI incluyen: Integraci\u00f3n con plataformas de &hellip;<\/p>\n<p class=\"read-more\"> <a class=\"\" href=\"https:\/\/bengalmeat.com\/content\/descarga-de-circleci-n-a-para-windows-todo-lo-que-necesitas-saber\/\"> <span class=\"screen-reader-text\">Descarga de CircleCI N\/A para Windows &#8211; Todo lo que necesitas saber<\/span> Read More &raquo;<\/a><\/p>\n","protected":false},"author":1,"featured_media":0,"parent":0,"menu_order":0,"comment_status":"closed","ping_status":"closed","template":"","meta":{"site-sidebar-layout":"default","site-content-layout":"default","ast-main-header-display":"","ast-hfb-above-header-display":"","ast-hfb-below-header-display":"","ast-hfb-mobile-header-display":"","site-post-title":"","ast-breadcrumbs-content":"","ast-featured-img":"","footer-sml-layout":"","theme-transparent-header-meta":"","adv-header-id-meta":"","stick-header-meta":"","header-above-stick-meta":"","header-main-stick-meta":"","header-below-stick-meta":"","footnotes":""},"class_list":["post-72675","page","type-page","status-publish","hentry"],"_links":{"self":[{"href":"https:\/\/bengalmeat.com\/content\/wp-json\/wp\/v2\/pages\/72675","targetHints":{"allow":["GET"]}}],"collection":[{"href":"https:\/\/bengalmeat.com\/content\/wp-json\/wp\/v2\/pages"}],"about":[{"href":"https:\/\/bengalmeat.com\/content\/wp-json\/wp\/v2\/types\/page"}],"author":[{"embeddable":true,"href":"https:\/\/bengalmeat.com\/content\/wp-json\/wp\/v2\/users\/1"}],"replies":[{"embeddable":true,"href":"https:\/\/bengalmeat.com\/content\/wp-json\/wp\/v2\/comments?post=72675"}],"version-history":[{"count":1,"href":"https:\/\/bengalmeat.com\/content\/wp-json\/wp\/v2\/pages\/72675\/revisions"}],"predecessor-version":[{"id":72676,"href":"https:\/\/bengalmeat.com\/content\/wp-json\/wp\/v2\/pages\/72675\/revisions\/72676"}],"wp:attachment":[{"href":"https:\/\/bengalmeat.com\/content\/wp-json\/wp\/v2\/media?parent=72675"}],"curies":[{"name":"wp","href":"https:\/\/api.w.org\/{rel}","templated":true}]}}