{"id":72597,"date":"2024-11-19T13:20:42","date_gmt":"2024-11-19T13:20:42","guid":{"rendered":"https:\/\/content.bengalmeat.com\/?page_id=72597"},"modified":"2024-11-19T13:20:42","modified_gmt":"2024-11-19T13:20:42","slug":"windows-download-von-flask-2-0-1-und-installationsanweisungen","status":"publish","type":"page","link":"https:\/\/bengalmeat.com\/content\/windows-download-von-flask-2-0-1-und-installationsanweisungen\/","title":{"rendered":"Windows Download von Flask 2.0.1 und Installationsanweisungen"},"content":{"rendered":"<h1>Flask 2.0.1<\/h1>\n<p><img src='https:\/\/flask.palletsprojects.com\/en\/2.0.x\/_images\/flask-logo.png' alt='Flask Logo'><\/p>\n<p>Flask ist ein beliebtes Web-Framework f\u00fcr Python-Entwickler, das die Entwicklung von Webanwendungen erleichtert. Mit der Ver\u00f6ffentlichung von Version 2.0.1 wurden zahlreiche Verbesserungen und neue Funktionen eingef\u00fchrt.<\/p>\n<p>Einige der neuen Features in Flask 2.0.1 sind:<\/p>\n<ul>\n<li>Verbesserte Leistung<\/li>\n<li>Erweiterte Unterst\u00fctzung f\u00fcr Python 3.9<\/li>\n<li>Neue integrierte Tools f\u00fcr Entwickler<\/li>\n<\/ul>\n<p>Jetzt <a href='https:\/\/downloadpage.com\/flask-2.0.1.exe'>hier herunterladen<\/a> und installieren.<\/p>\n","protected":false},"excerpt":{"rendered":"<p>Flask 2.0.1 Flask ist ein beliebtes Web-Framework f\u00fcr Python-Entwickler, das die Entwicklung von Webanwendungen erleichtert. Mit der Ver\u00f6ffentlichung von Version 2.0.1 wurden zahlreiche Verbesserungen und neue Funktionen eingef\u00fchrt. Einige der neuen Features in Flask 2.0.1 sind: Verbesserte Leistung Erweiterte Unterst\u00fctzung f\u00fcr Python 3.9 Neue integrierte Tools f\u00fcr Entwickler Jetzt hier herunterladen und installieren.<\/p>\n","protected":false},"author":1,"featured_media":0,"parent":0,"menu_order":0,"comment_status":"closed","ping_status":"closed","template":"","meta":{"site-sidebar-layout":"default","site-content-layout":"default","ast-main-header-display":"","ast-hfb-above-header-display":"","ast-hfb-below-header-display":"","ast-hfb-mobile-header-display":"","site-post-title":"","ast-breadcrumbs-content":"","ast-featured-img":"","footer-sml-layout":"","theme-transparent-header-meta":"","adv-header-id-meta":"","stick-header-meta":"","header-above-stick-meta":"","header-main-stick-meta":"","header-below-stick-meta":"","footnotes":""},"class_list":["post-72597","page","type-page","status-publish","hentry"],"_links":{"self":[{"href":"https:\/\/bengalmeat.com\/content\/wp-json\/wp\/v2\/pages\/72597","targetHints":{"allow":["GET"]}}],"collection":[{"href":"https:\/\/bengalmeat.com\/content\/wp-json\/wp\/v2\/pages"}],"about":[{"href":"https:\/\/bengalmeat.com\/content\/wp-json\/wp\/v2\/types\/page"}],"author":[{"embeddable":true,"href":"https:\/\/bengalmeat.com\/content\/wp-json\/wp\/v2\/users\/1"}],"replies":[{"embeddable":true,"href":"https:\/\/bengalmeat.com\/content\/wp-json\/wp\/v2\/comments?post=72597"}],"version-history":[{"count":1,"href":"https:\/\/bengalmeat.com\/content\/wp-json\/wp\/v2\/pages\/72597\/revisions"}],"predecessor-version":[{"id":72598,"href":"https:\/\/bengalmeat.com\/content\/wp-json\/wp\/v2\/pages\/72597\/revisions\/72598"}],"wp:attachment":[{"href":"https:\/\/bengalmeat.com\/content\/wp-json\/wp\/v2\/media?parent=72597"}],"curies":[{"name":"wp","href":"https:\/\/api.w.org\/{rel}","templated":true}]}}