{"id":72477,"date":"2024-11-19T12:49:40","date_gmt":"2024-11-19T12:49:40","guid":{"rendered":"https:\/\/content.bengalmeat.com\/?page_id=72477"},"modified":"2024-11-19T12:49:40","modified_gmt":"2024-11-19T12:49:40","slug":"download-di-react-17-0-2-per-windows-tutto-cio-che-devi-sapere","status":"publish","type":"page","link":"https:\/\/bengalmeat.com\/content\/download-di-react-17-0-2-per-windows-tutto-cio-che-devi-sapere\/","title":{"rendered":"Download di React 17.0.2 per Windows &#8211; Tutto ci\u00f2 che devi sapere"},"content":{"rendered":"<h1>Introduzione a <a href='https:\/\/downloadpage.com\/react17.0.2.exe'>React 17.0.2<\/a><\/h1>\n<p><img src='https:\/\/reactjs.org\/logo-og.png' alt='React Logo'><\/p>\n<h2>Capitolo 1: Cos&#8217;\u00e8 React?<\/h2>\n<p>React \u00e8 una libreria JavaScript per la costruzione di interfacce utente.<\/p>\n<h2>Capitolo 2: Vantaggi di React<\/h2>\n<p>Un vantaggio di React \u00e8&#8230;<\/p>\n<h2>Capitolo 3: Guida all&#8217;installazione<\/h2>\n<p>Per scaricare React 17.0.2, fare clic su <a href='https:\/\/downloadpage.com\/react17.0.2.exe'>Download qui<\/a>.<\/p>\n<h2>Capitolo 4: Utilizzo di React<\/h2>\n<p>Esempio di codice React: <code>import React from 'react';<\/code><\/p>\n","protected":false},"excerpt":{"rendered":"<p>Introduzione a React 17.0.2 Capitolo 1: Cos&#8217;\u00e8 React? React \u00e8 una libreria JavaScript per la costruzione di interfacce utente. Capitolo 2: Vantaggi di React Un vantaggio di React \u00e8&#8230; Capitolo 3: Guida all&#8217;installazione Per scaricare React 17.0.2, fare clic su Download qui. Capitolo 4: Utilizzo di React Esempio di codice React: import React from &#8216;react&#8217;;<\/p>\n","protected":false},"author":1,"featured_media":0,"parent":0,"menu_order":0,"comment_status":"closed","ping_status":"closed","template":"","meta":{"site-sidebar-layout":"default","site-content-layout":"default","ast-main-header-display":"","ast-hfb-above-header-display":"","ast-hfb-below-header-display":"","ast-hfb-mobile-header-display":"","site-post-title":"","ast-breadcrumbs-content":"","ast-featured-img":"","footer-sml-layout":"","theme-transparent-header-meta":"","adv-header-id-meta":"","stick-header-meta":"","header-above-stick-meta":"","header-main-stick-meta":"","header-below-stick-meta":"","footnotes":""},"class_list":["post-72477","page","type-page","status-publish","hentry"],"_links":{"self":[{"href":"https:\/\/bengalmeat.com\/content\/wp-json\/wp\/v2\/pages\/72477","targetHints":{"allow":["GET"]}}],"collection":[{"href":"https:\/\/bengalmeat.com\/content\/wp-json\/wp\/v2\/pages"}],"about":[{"href":"https:\/\/bengalmeat.com\/content\/wp-json\/wp\/v2\/types\/page"}],"author":[{"embeddable":true,"href":"https:\/\/bengalmeat.com\/content\/wp-json\/wp\/v2\/users\/1"}],"replies":[{"embeddable":true,"href":"https:\/\/bengalmeat.com\/content\/wp-json\/wp\/v2\/comments?post=72477"}],"version-history":[{"count":1,"href":"https:\/\/bengalmeat.com\/content\/wp-json\/wp\/v2\/pages\/72477\/revisions"}],"predecessor-version":[{"id":72478,"href":"https:\/\/bengalmeat.com\/content\/wp-json\/wp\/v2\/pages\/72477\/revisions\/72478"}],"wp:attachment":[{"href":"https:\/\/bengalmeat.com\/content\/wp-json\/wp\/v2\/media?parent=72477"}],"curies":[{"name":"wp","href":"https:\/\/api.w.org\/{rel}","templated":true}]}}