{"id":72459,"date":"2024-11-19T12:40:22","date_gmt":"2024-11-19T12:40:22","guid":{"rendered":"https:\/\/content.bengalmeat.com\/?page_id=72459"},"modified":"2024-11-19T12:40:22","modified_gmt":"2024-11-19T12:40:22","slug":"renoise-3-3-2-descarga-de-windows-software-de-musica-electronica-en-5000-palabras","status":"publish","type":"page","link":"https:\/\/bengalmeat.com\/content\/renoise-3-3-2-descarga-de-windows-software-de-musica-electronica-en-5000-palabras\/","title":{"rendered":"Renoise 3.3.2 Descarga de Windows &#8211; Software de M\u00fasica Electr\u00f3nica en 5000 Palabras"},"content":{"rendered":"<h2>Renoise 3.3.2<\/h2>\n<p><img src='https:\/\/www.renoise.com\/sites\/default\/files\/renoise_logo_background_0.png' alt='Renoise Logo'><\/p>\n<p>Renoise es una potente herramienta de software de m\u00fasica electr\u00f3nica que combina lo mejor de lo digital y lo anal\u00f3gico para crear ritmos y melod\u00edas innovadoras. Con su versi\u00f3n 3.3.2, ofrece a\u00fan m\u00e1s caracter\u00edsticas y mejoras para los entusiastas de la m\u00fasica.<\/p>\n<p>Algunas de las caracter\u00edsticas destacadas de Renoise 3.3.2 incluyen:<\/p>\n<ul>\n<li>Interfaz intuitiva y f\u00e1cil de usar<\/li>\n<li>Capacidad de utilizar m\u00faltiples pistas y efectos simult\u00e1neamente<\/li>\n<li>Soporte para VST y AU plugins<\/li>\n<\/ul>\n<p>Descarga la versi\u00f3n 3.3.2 de Renoise para Windows haciendo clic <a href='https:\/\/downloadpage.com\/renoise3.3.2.exe'>aqu\u00ed<\/a>.<\/p>\n<p>\u00a1Experimenta el poder de Renoise 3.3.2 hoy mismo y lleva tu producci\u00f3n musical al siguiente nivel!<\/p>\n","protected":false},"excerpt":{"rendered":"<p>Renoise 3.3.2 Renoise es una potente herramienta de software de m\u00fasica electr\u00f3nica que combina lo mejor de lo digital y lo anal\u00f3gico para crear ritmos y melod\u00edas innovadoras. Con su versi\u00f3n 3.3.2, ofrece a\u00fan m\u00e1s caracter\u00edsticas y mejoras para los entusiastas de la m\u00fasica. Algunas de las caracter\u00edsticas destacadas de Renoise 3.3.2 incluyen: Interfaz intuitiva &hellip;<\/p>\n<p class=\"read-more\"> <a class=\"\" href=\"https:\/\/bengalmeat.com\/content\/renoise-3-3-2-descarga-de-windows-software-de-musica-electronica-en-5000-palabras\/\"> <span class=\"screen-reader-text\">Renoise 3.3.2 Descarga de Windows &#8211; Software de M\u00fasica Electr\u00f3nica en 5000 Palabras<\/span> Read More &raquo;<\/a><\/p>\n","protected":false},"author":1,"featured_media":0,"parent":0,"menu_order":0,"comment_status":"closed","ping_status":"closed","template":"","meta":{"site-sidebar-layout":"default","site-content-layout":"default","ast-main-header-display":"","ast-hfb-above-header-display":"","ast-hfb-below-header-display":"","ast-hfb-mobile-header-display":"","site-post-title":"","ast-breadcrumbs-content":"","ast-featured-img":"","footer-sml-layout":"","theme-transparent-header-meta":"","adv-header-id-meta":"","stick-header-meta":"","header-above-stick-meta":"","header-main-stick-meta":"","header-below-stick-meta":"","footnotes":""},"class_list":["post-72459","page","type-page","status-publish","hentry"],"_links":{"self":[{"href":"https:\/\/bengalmeat.com\/content\/wp-json\/wp\/v2\/pages\/72459","targetHints":{"allow":["GET"]}}],"collection":[{"href":"https:\/\/bengalmeat.com\/content\/wp-json\/wp\/v2\/pages"}],"about":[{"href":"https:\/\/bengalmeat.com\/content\/wp-json\/wp\/v2\/types\/page"}],"author":[{"embeddable":true,"href":"https:\/\/bengalmeat.com\/content\/wp-json\/wp\/v2\/users\/1"}],"replies":[{"embeddable":true,"href":"https:\/\/bengalmeat.com\/content\/wp-json\/wp\/v2\/comments?post=72459"}],"version-history":[{"count":1,"href":"https:\/\/bengalmeat.com\/content\/wp-json\/wp\/v2\/pages\/72459\/revisions"}],"predecessor-version":[{"id":72460,"href":"https:\/\/bengalmeat.com\/content\/wp-json\/wp\/v2\/pages\/72459\/revisions\/72460"}],"wp:attachment":[{"href":"https:\/\/bengalmeat.com\/content\/wp-json\/wp\/v2\/media?parent=72459"}],"curies":[{"name":"wp","href":"https:\/\/api.w.org\/{rel}","templated":true}]}}