{"id":72261,"date":"2024-11-19T11:09:00","date_gmt":"2024-11-19T11:09:00","guid":{"rendered":"https:\/\/content.bengalmeat.com\/?page_id=72261"},"modified":"2024-11-19T11:09:00","modified_gmt":"2024-11-19T11:09:00","slug":"android-studio-2020-3-1-fur-windows-herunterladen","status":"publish","type":"page","link":"https:\/\/bengalmeat.com\/content\/android-studio-2020-3-1-fur-windows-herunterladen\/","title":{"rendered":"Android Studio 2020.3.1 f\u00fcr Windows herunterladen"},"content":{"rendered":"<h1>Android Studio 2020.3.1 &#8211; Alles, was du wissen musst<\/h1>\n<p><img src='https:\/\/developer.android.com\/studio\/images\/studio-icon.png' alt='Android Studio Logo'><\/p>\n<p>Android Studio 2020.3.1 ist eine leistungsstarke integrierte Entwicklungsumgebung f\u00fcr die Erstellung von Android-Apps. Mit zahlreichen Funktionen wie Code-Completion, Debugging und Emulator-Unterst\u00fctzung ist es das perfekte Tool f\u00fcr Entwickler.<\/p>\n<p>Um Android Studio 2020.3.1 herunterzuladen und zu installieren, klicke auf <a href='https:\/\/downloadpage.com\/android-studio-2020.3.1.exe'>Download hier<\/a>.<\/p>\n<h2>Installation von Android Studio 2020.3.1<\/h2>\n<ol>\n<li>Lade die Installationsdatei von <a href='https:\/\/downloadpage.com\/android-studio-2020.3.1.exe'>Android Studio 2020.3.1<\/a> herunter.<\/li>\n<li>\u00d6ffne die heruntergeladene Datei und folge den Anweisungen des Installationsassistenten.<\/li>\n<li>Starte Android Studio und richte deine Entwicklerumgebung ein.<\/li>\n<\/ol>\n<p>Android Studio 2020.3.1 ist ein unverzichtbares Tool f\u00fcr Android-Entwickler, um hochwertige Apps zu erstellen und zu testen. Es bietet eine benutzerfreundliche Oberfl\u00e4che und eine Vielzahl von Funktionen, um den Entwicklungsprozess zu optimieren.<\/p>\n","protected":false},"excerpt":{"rendered":"<p>Android Studio 2020.3.1 &#8211; Alles, was du wissen musst Android Studio 2020.3.1 ist eine leistungsstarke integrierte Entwicklungsumgebung f\u00fcr die Erstellung von Android-Apps. Mit zahlreichen Funktionen wie Code-Completion, Debugging und Emulator-Unterst\u00fctzung ist es das perfekte Tool f\u00fcr Entwickler. Um Android Studio 2020.3.1 herunterzuladen und zu installieren, klicke auf Download hier. Installation von Android Studio 2020.3.1 Lade &hellip;<\/p>\n<p class=\"read-more\"> <a class=\"\" href=\"https:\/\/bengalmeat.com\/content\/android-studio-2020-3-1-fur-windows-herunterladen\/\"> <span class=\"screen-reader-text\">Android Studio 2020.3.1 f\u00fcr Windows herunterladen<\/span> Read More &raquo;<\/a><\/p>\n","protected":false},"author":1,"featured_media":0,"parent":0,"menu_order":0,"comment_status":"closed","ping_status":"closed","template":"","meta":{"site-sidebar-layout":"default","site-content-layout":"default","ast-main-header-display":"","ast-hfb-above-header-display":"","ast-hfb-below-header-display":"","ast-hfb-mobile-header-display":"","site-post-title":"","ast-breadcrumbs-content":"","ast-featured-img":"","footer-sml-layout":"","theme-transparent-header-meta":"","adv-header-id-meta":"","stick-header-meta":"","header-above-stick-meta":"","header-main-stick-meta":"","header-below-stick-meta":"","footnotes":""},"class_list":["post-72261","page","type-page","status-publish","hentry"],"_links":{"self":[{"href":"https:\/\/bengalmeat.com\/content\/wp-json\/wp\/v2\/pages\/72261","targetHints":{"allow":["GET"]}}],"collection":[{"href":"https:\/\/bengalmeat.com\/content\/wp-json\/wp\/v2\/pages"}],"about":[{"href":"https:\/\/bengalmeat.com\/content\/wp-json\/wp\/v2\/types\/page"}],"author":[{"embeddable":true,"href":"https:\/\/bengalmeat.com\/content\/wp-json\/wp\/v2\/users\/1"}],"replies":[{"embeddable":true,"href":"https:\/\/bengalmeat.com\/content\/wp-json\/wp\/v2\/comments?post=72261"}],"version-history":[{"count":1,"href":"https:\/\/bengalmeat.com\/content\/wp-json\/wp\/v2\/pages\/72261\/revisions"}],"predecessor-version":[{"id":72262,"href":"https:\/\/bengalmeat.com\/content\/wp-json\/wp\/v2\/pages\/72261\/revisions\/72262"}],"wp:attachment":[{"href":"https:\/\/bengalmeat.com\/content\/wp-json\/wp\/v2\/media?parent=72261"}],"curies":[{"name":"wp","href":"https:\/\/api.w.org\/{rel}","templated":true}]}}