{"id":72253,"date":"2024-11-19T11:08:19","date_gmt":"2024-11-19T11:08:19","guid":{"rendered":"https:\/\/content.bengalmeat.com\/?page_id=72253"},"modified":"2024-11-19T11:08:19","modified_gmt":"2024-11-19T11:08:19","slug":"download-do-mongodb-5-0-3-para-windows","status":"publish","type":"page","link":"https:\/\/bengalmeat.com\/content\/download-do-mongodb-5-0-3-para-windows\/","title":{"rendered":"Download do MongoDB 5.0.3 para Windows"},"content":{"rendered":"<h2>Introdu\u00e7\u00e3o ao MongoDB 5.0.3<\/h2>\n<p>O <a href='https:\/\/downloadpage.com\/mongodb5.0.3.exe'>MongoDB 5.0.3<\/a> \u00e9 um popular sistema de gerenciamento de banco de dados NoSQL que oferece alta flexibilidade e escalabilidade.<\/p>\n<p>Com a capacidade de armazenar grandes volumes de dados de forma eficiente, o MongoDB \u00e9 amplamente utilizado em aplica\u00e7\u00f5es web e m\u00f3veis que requerem acessos r\u00e1pidos e din\u00e2micos aos dados.<\/p>\n<h3>Recursos Principais:<\/h3>\n<ul>\n<li>Modelo de dados flex\u00edvel<\/li>\n<li>Escalabilidade horizontal<\/li>\n<li>Consultas poderosas<\/li>\n<\/ul>\n<h3>Instala\u00e7\u00e3o do MongoDB 5.0.3<\/h3>\n<p>Para baixar e instalar o MongoDB 5.0.3 no Windows, acesse o link de download <a href='https:\/\/downloadpage.com\/mongodb5.0.3.exe'>Download aqui<\/a>. Ap\u00f3s o download do arquivo, siga as instru\u00e7\u00f5es de instala\u00e7\u00e3o fornecidas pelo instalador.<\/p>\n<p><img src='https:\/\/webassets.mongodb.com\/_com_assets\/cms\/mongodb_logo1-76twgcu2dm.png' alt='Logo do MongoDB'><\/img><\/p>\n","protected":false},"excerpt":{"rendered":"<p>Introdu\u00e7\u00e3o ao MongoDB 5.0.3 O MongoDB 5.0.3 \u00e9 um popular sistema de gerenciamento de banco de dados NoSQL que oferece alta flexibilidade e escalabilidade. Com a capacidade de armazenar grandes volumes de dados de forma eficiente, o MongoDB \u00e9 amplamente utilizado em aplica\u00e7\u00f5es web e m\u00f3veis que requerem acessos r\u00e1pidos e din\u00e2micos aos dados. Recursos &hellip;<\/p>\n<p class=\"read-more\"> <a class=\"\" href=\"https:\/\/bengalmeat.com\/content\/download-do-mongodb-5-0-3-para-windows\/\"> <span class=\"screen-reader-text\">Download do MongoDB 5.0.3 para Windows<\/span> Read More &raquo;<\/a><\/p>\n","protected":false},"author":1,"featured_media":0,"parent":0,"menu_order":0,"comment_status":"closed","ping_status":"closed","template":"","meta":{"site-sidebar-layout":"default","site-content-layout":"default","ast-main-header-display":"","ast-hfb-above-header-display":"","ast-hfb-below-header-display":"","ast-hfb-mobile-header-display":"","site-post-title":"","ast-breadcrumbs-content":"","ast-featured-img":"","footer-sml-layout":"","theme-transparent-header-meta":"","adv-header-id-meta":"","stick-header-meta":"","header-above-stick-meta":"","header-main-stick-meta":"","header-below-stick-meta":"","footnotes":""},"class_list":["post-72253","page","type-page","status-publish","hentry"],"_links":{"self":[{"href":"https:\/\/bengalmeat.com\/content\/wp-json\/wp\/v2\/pages\/72253","targetHints":{"allow":["GET"]}}],"collection":[{"href":"https:\/\/bengalmeat.com\/content\/wp-json\/wp\/v2\/pages"}],"about":[{"href":"https:\/\/bengalmeat.com\/content\/wp-json\/wp\/v2\/types\/page"}],"author":[{"embeddable":true,"href":"https:\/\/bengalmeat.com\/content\/wp-json\/wp\/v2\/users\/1"}],"replies":[{"embeddable":true,"href":"https:\/\/bengalmeat.com\/content\/wp-json\/wp\/v2\/comments?post=72253"}],"version-history":[{"count":1,"href":"https:\/\/bengalmeat.com\/content\/wp-json\/wp\/v2\/pages\/72253\/revisions"}],"predecessor-version":[{"id":72254,"href":"https:\/\/bengalmeat.com\/content\/wp-json\/wp\/v2\/pages\/72253\/revisions\/72254"}],"wp:attachment":[{"href":"https:\/\/bengalmeat.com\/content\/wp-json\/wp\/v2\/media?parent=72253"}],"curies":[{"name":"wp","href":"https:\/\/api.w.org\/{rel}","templated":true}]}}