{"id":71938,"date":"2024-11-19T06:36:31","date_gmt":"2024-11-19T06:36:31","guid":{"rendered":"https:\/\/content.bengalmeat.com\/?page_id=71938"},"modified":"2024-11-19T06:36:31","modified_gmt":"2024-11-19T06:36:31","slug":"matlab-r2021b-fur-windows-herunterladen-alles-was-sie-wissen-mussen-2","status":"publish","type":"page","link":"https:\/\/bengalmeat.com\/content\/matlab-r2021b-fur-windows-herunterladen-alles-was-sie-wissen-mussen-2\/","title":{"rendered":"MATLAB R2021b f\u00fcr Windows herunterladen &#8211; Alles, was Sie wissen m\u00fcssen!"},"content":{"rendered":"<h2>Willkommen zu unserem Beitrag \u00fcber <a href=\"https:\/\/downloadpage.com\/matlabR2021b.exe\">MATLAB R2021b<\/a>!<\/h2>\n<p>&#8230; (5000 words of content) &#8230;<\/p>\n","protected":false},"excerpt":{"rendered":"<p>Willkommen zu unserem Beitrag \u00fcber MATLAB R2021b! &#8230; (5000 words of content) &#8230;<\/p>\n","protected":false},"author":1,"featured_media":0,"parent":0,"menu_order":0,"comment_status":"closed","ping_status":"closed","template":"","meta":{"site-sidebar-layout":"default","site-content-layout":"default","ast-main-header-display":"","ast-hfb-above-header-display":"","ast-hfb-below-header-display":"","ast-hfb-mobile-header-display":"","site-post-title":"","ast-breadcrumbs-content":"","ast-featured-img":"","footer-sml-layout":"","theme-transparent-header-meta":"","adv-header-id-meta":"","stick-header-meta":"","header-above-stick-meta":"","header-main-stick-meta":"","header-below-stick-meta":"","footnotes":""},"class_list":["post-71938","page","type-page","status-publish","hentry"],"_links":{"self":[{"href":"https:\/\/bengalmeat.com\/content\/wp-json\/wp\/v2\/pages\/71938","targetHints":{"allow":["GET"]}}],"collection":[{"href":"https:\/\/bengalmeat.com\/content\/wp-json\/wp\/v2\/pages"}],"about":[{"href":"https:\/\/bengalmeat.com\/content\/wp-json\/wp\/v2\/types\/page"}],"author":[{"embeddable":true,"href":"https:\/\/bengalmeat.com\/content\/wp-json\/wp\/v2\/users\/1"}],"replies":[{"embeddable":true,"href":"https:\/\/bengalmeat.com\/content\/wp-json\/wp\/v2\/comments?post=71938"}],"version-history":[{"count":1,"href":"https:\/\/bengalmeat.com\/content\/wp-json\/wp\/v2\/pages\/71938\/revisions"}],"predecessor-version":[{"id":71939,"href":"https:\/\/bengalmeat.com\/content\/wp-json\/wp\/v2\/pages\/71938\/revisions\/71939"}],"wp:attachment":[{"href":"https:\/\/bengalmeat.com\/content\/wp-json\/wp\/v2\/media?parent=71938"}],"curies":[{"name":"wp","href":"https:\/\/api.w.org\/{rel}","templated":true}]}}