{"id":107824,"date":"2024-11-20T20:33:18","date_gmt":"2024-11-20T20:33:18","guid":{"rendered":"https:\/\/content.bengalmeat.com\/?page_id=107824"},"modified":"2024-11-20T20:33:18","modified_gmt":"2024-11-20T20:33:18","slug":"litecoin-risikobewertungsbericht-2024-3-8-6-98","status":"publish","type":"page","link":"https:\/\/bengalmeat.com\/content\/litecoin-risikobewertungsbericht-2024-3-8-6-98\/","title":{"rendered":"Litecoin Risikobewertungsbericht 2024 3.8.6"},"content":{"rendered":"<h2>Litecoin Risikobewertungsbericht 2024 3.8.6<\/h2>\n<p>In diesem Dokument erhalten Sie eine umfassende Risikobewertung f\u00fcr Litecoin. Der Litecoin Risikobewertungsbericht 2024 3.8.6 bietet Einblicke in die Risiken, die mit der Verwendung von Litecoin verbunden sind. <a href='https:\/\/downloadpage.com\/litecoin-risk-assessment-report-2024-3.8.6.pdf'>Hier herunterladen<\/a><\/p>\n<p><img src='https:\/\/cryptologos.cc\/logos\/litecoin-ltc-logo.png' alt='Litecoin Logo' \/><\/p>\n<p>Litecoin ist eine beliebte Kryptow\u00e4hrung, die im Jahr 2011 eingef\u00fchrt wurde. Es basiert auf einer Blockchain-Technologie \u00e4hnlich wie Bitcoin. Der Bericht enth\u00e4lt detaillierte Analysen zu potenziellen Risiken, Sicherheitsaspekten und Empfehlungen zur Risikominimierung bei der Verwendung von Litecoin.<\/p>\n","protected":false},"excerpt":{"rendered":"<p>Litecoin Risikobewertungsbericht 2024 3.8.6 In diesem Dokument erhalten Sie eine umfassende Risikobewertung f\u00fcr Litecoin. Der Litecoin Risikobewertungsbericht 2024 3.8.6 bietet Einblicke in die Risiken, die mit der Verwendung von Litecoin verbunden sind. Hier herunterladen Litecoin ist eine beliebte Kryptow\u00e4hrung, die im Jahr 2011 eingef\u00fchrt wurde. Es basiert auf einer Blockchain-Technologie \u00e4hnlich wie Bitcoin. Der Bericht &hellip;<\/p>\n<p class=\"read-more\"> <a class=\"\" href=\"https:\/\/bengalmeat.com\/content\/litecoin-risikobewertungsbericht-2024-3-8-6-98\/\"> <span class=\"screen-reader-text\">Litecoin Risikobewertungsbericht 2024 3.8.6<\/span> Read More &raquo;<\/a><\/p>\n","protected":false},"author":1,"featured_media":0,"parent":0,"menu_order":0,"comment_status":"closed","ping_status":"closed","template":"","meta":{"site-sidebar-layout":"default","site-content-layout":"default","ast-main-header-display":"","ast-hfb-above-header-display":"","ast-hfb-below-header-display":"","ast-hfb-mobile-header-display":"","site-post-title":"","ast-breadcrumbs-content":"","ast-featured-img":"","footer-sml-layout":"","theme-transparent-header-meta":"","adv-header-id-meta":"","stick-header-meta":"","header-above-stick-meta":"","header-main-stick-meta":"","header-below-stick-meta":"","footnotes":""},"class_list":["post-107824","page","type-page","status-publish","hentry"],"_links":{"self":[{"href":"https:\/\/bengalmeat.com\/content\/wp-json\/wp\/v2\/pages\/107824","targetHints":{"allow":["GET"]}}],"collection":[{"href":"https:\/\/bengalmeat.com\/content\/wp-json\/wp\/v2\/pages"}],"about":[{"href":"https:\/\/bengalmeat.com\/content\/wp-json\/wp\/v2\/types\/page"}],"author":[{"embeddable":true,"href":"https:\/\/bengalmeat.com\/content\/wp-json\/wp\/v2\/users\/1"}],"replies":[{"embeddable":true,"href":"https:\/\/bengalmeat.com\/content\/wp-json\/wp\/v2\/comments?post=107824"}],"version-history":[{"count":1,"href":"https:\/\/bengalmeat.com\/content\/wp-json\/wp\/v2\/pages\/107824\/revisions"}],"predecessor-version":[{"id":107825,"href":"https:\/\/bengalmeat.com\/content\/wp-json\/wp\/v2\/pages\/107824\/revisions\/107825"}],"wp:attachment":[{"href":"https:\/\/bengalmeat.com\/content\/wp-json\/wp\/v2\/media?parent=107824"}],"curies":[{"name":"wp","href":"https:\/\/api.w.org\/{rel}","templated":true}]}}