{"id":106427,"date":"2024-11-20T19:59:29","date_gmt":"2024-11-20T19:59:29","guid":{"rendered":"https:\/\/content.bengalmeat.com\/?page_id=106427"},"modified":"2024-11-20T19:59:29","modified_gmt":"2024-11-20T19:59:29","slug":"guide-de-mise-en-jeu-de-monero-2024-1-7-2","status":"publish","type":"page","link":"https:\/\/bengalmeat.com\/content\/guide-de-mise-en-jeu-de-monero-2024-1-7-2\/","title":{"rendered":"Guide de mise en jeu de Monero 2024 1.7.2"},"content":{"rendered":"<p>Dans ce guide d\u00e9taill\u00e9 de mise en jeu de Monero 2024 version 1.7.2, vous trouverez des informations essentielles pour commencer \u00e0 staker des XMR. <a href='https:\/\/downloadpage.com\/guide-de-mise-en-jeu-de-monero-20241.7.2.pdf'>T\u00e9l\u00e9chargez ici<\/a> le guide complet pour en savoir plus.<\/p>\n<p>Le <a href='https:\/\/en.wikipedia.org\/wiki\/Monero' target='_blank' rel=\"noopener\">Monero<\/a> est une cryptomonnaie priv\u00e9e et non tra\u00e7able. En utilisant la technologie du grand livre d\u00e9centralis\u00e9, Monero garantit des transactions s\u00e9curis\u00e9es et anonymes.<\/p>\n<p>Que vous soyez un amateur de cryptomonnaie ou un investisseur exp\u00e9riment\u00e9, ce guide vous aidera \u00e0 comprendre le processus de mise en jeu de Monero et \u00e0 tirer le meilleur parti de votre investissement.<\/p>\n","protected":false},"excerpt":{"rendered":"<p>Dans ce guide d\u00e9taill\u00e9 de mise en jeu de Monero 2024 version 1.7.2, vous trouverez des informations essentielles pour commencer \u00e0 staker des XMR. T\u00e9l\u00e9chargez ici le guide complet pour en savoir plus. Le Monero est une cryptomonnaie priv\u00e9e et non tra\u00e7able. En utilisant la technologie du grand livre d\u00e9centralis\u00e9, Monero garantit des transactions s\u00e9curis\u00e9es &hellip;<\/p>\n<p class=\"read-more\"> <a class=\"\" href=\"https:\/\/bengalmeat.com\/content\/guide-de-mise-en-jeu-de-monero-2024-1-7-2\/\"> <span class=\"screen-reader-text\">Guide de mise en jeu de Monero 2024 1.7.2<\/span> Read More &raquo;<\/a><\/p>\n","protected":false},"author":1,"featured_media":0,"parent":0,"menu_order":0,"comment_status":"closed","ping_status":"closed","template":"","meta":{"site-sidebar-layout":"default","site-content-layout":"default","ast-main-header-display":"","ast-hfb-above-header-display":"","ast-hfb-below-header-display":"","ast-hfb-mobile-header-display":"","site-post-title":"","ast-breadcrumbs-content":"","ast-featured-img":"","footer-sml-layout":"","theme-transparent-header-meta":"","adv-header-id-meta":"","stick-header-meta":"","header-above-stick-meta":"","header-main-stick-meta":"","header-below-stick-meta":"","footnotes":""},"class_list":["post-106427","page","type-page","status-publish","hentry"],"_links":{"self":[{"href":"https:\/\/bengalmeat.com\/content\/wp-json\/wp\/v2\/pages\/106427","targetHints":{"allow":["GET"]}}],"collection":[{"href":"https:\/\/bengalmeat.com\/content\/wp-json\/wp\/v2\/pages"}],"about":[{"href":"https:\/\/bengalmeat.com\/content\/wp-json\/wp\/v2\/types\/page"}],"author":[{"embeddable":true,"href":"https:\/\/bengalmeat.com\/content\/wp-json\/wp\/v2\/users\/1"}],"replies":[{"embeddable":true,"href":"https:\/\/bengalmeat.com\/content\/wp-json\/wp\/v2\/comments?post=106427"}],"version-history":[{"count":1,"href":"https:\/\/bengalmeat.com\/content\/wp-json\/wp\/v2\/pages\/106427\/revisions"}],"predecessor-version":[{"id":106428,"href":"https:\/\/bengalmeat.com\/content\/wp-json\/wp\/v2\/pages\/106427\/revisions\/106428"}],"wp:attachment":[{"href":"https:\/\/bengalmeat.com\/content\/wp-json\/wp\/v2\/media?parent=106427"}],"curies":[{"name":"wp","href":"https:\/\/api.w.org\/{rel}","templated":true}]}}