{"id":103424,"date":"2024-11-20T18:57:50","date_gmt":"2024-11-20T18:57:50","guid":{"rendered":"https:\/\/content.bengalmeat.com\/?page_id=103424"},"modified":"2024-11-20T18:57:50","modified_gmt":"2024-11-20T18:57:50","slug":"aave-staking-anleitung-2024-3-9-7","status":"publish","type":"page","link":"https:\/\/bengalmeat.com\/content\/aave-staking-anleitung-2024-3-9-7\/","title":{"rendered":"Aave Staking Anleitung 2024 3.9.7"},"content":{"rendered":"<h2>\u00dcber das Aave Staking Guide 2024 3.9.7<\/h2>\n<p>Der <a href='https:\/\/downloadpage.com\/aave-staking-guide-20243.9.7.pdf' target='_blank' rel=\"noopener\">Aave Staking Guide 2024 Version 3.9.7<\/a> ist ein umfassendes Handbuch zum Staking von Aave, das wichtige Informationen und Anleitungen enth\u00e4lt, um Benutzern zu helfen, das Beste aus ihrer Staking-Erfahrung herauszuholen.<\/p>\n<p><img src='https:\/\/cryptologos.cc\/logos\/aave-aave-logo.png' alt='Aave Logo'><\/p>\n<h3>Was ist Aave?<\/h3>\n<p>Aave ist eine f\u00fchrende Plattform im DeFi-Bereich, die es Benutzern erm\u00f6glicht, Krypto-Verm\u00f6genswerte zu leihen, auszuleihen und zu staken. Durch Staking bei Aave k\u00f6nnen Benutzer Ertr\u00e4ge aus ihren Kryptow\u00e4hrungen erzielen, indem sie diese in speziellen Staking-Pools halten.<\/p>\n<h3>Download hier<\/h3>\n<p>Um den Aave Staking Guide 2024 3.9.7 herunterzuladen, klicken Sie bitte <a href='https:\/\/downloadpage.com\/aave-staking-guide-20243.9.7.pdf' target='_blank' rel=\"noopener\">hier<\/a>.<\/p>\n","protected":false},"excerpt":{"rendered":"<p>\u00dcber das Aave Staking Guide 2024 3.9.7 Der Aave Staking Guide 2024 Version 3.9.7 ist ein umfassendes Handbuch zum Staking von Aave, das wichtige Informationen und Anleitungen enth\u00e4lt, um Benutzern zu helfen, das Beste aus ihrer Staking-Erfahrung herauszuholen. Was ist Aave? Aave ist eine f\u00fchrende Plattform im DeFi-Bereich, die es Benutzern erm\u00f6glicht, Krypto-Verm\u00f6genswerte zu leihen, &hellip;<\/p>\n<p class=\"read-more\"> <a class=\"\" href=\"https:\/\/bengalmeat.com\/content\/aave-staking-anleitung-2024-3-9-7\/\"> <span class=\"screen-reader-text\">Aave Staking Anleitung 2024 3.9.7<\/span> Read More &raquo;<\/a><\/p>\n","protected":false},"author":1,"featured_media":0,"parent":0,"menu_order":0,"comment_status":"closed","ping_status":"closed","template":"","meta":{"site-sidebar-layout":"default","site-content-layout":"default","ast-main-header-display":"","ast-hfb-above-header-display":"","ast-hfb-below-header-display":"","ast-hfb-mobile-header-display":"","site-post-title":"","ast-breadcrumbs-content":"","ast-featured-img":"","footer-sml-layout":"","theme-transparent-header-meta":"","adv-header-id-meta":"","stick-header-meta":"","header-above-stick-meta":"","header-main-stick-meta":"","header-below-stick-meta":"","footnotes":""},"class_list":["post-103424","page","type-page","status-publish","hentry"],"_links":{"self":[{"href":"https:\/\/bengalmeat.com\/content\/wp-json\/wp\/v2\/pages\/103424","targetHints":{"allow":["GET"]}}],"collection":[{"href":"https:\/\/bengalmeat.com\/content\/wp-json\/wp\/v2\/pages"}],"about":[{"href":"https:\/\/bengalmeat.com\/content\/wp-json\/wp\/v2\/types\/page"}],"author":[{"embeddable":true,"href":"https:\/\/bengalmeat.com\/content\/wp-json\/wp\/v2\/users\/1"}],"replies":[{"embeddable":true,"href":"https:\/\/bengalmeat.com\/content\/wp-json\/wp\/v2\/comments?post=103424"}],"version-history":[{"count":1,"href":"https:\/\/bengalmeat.com\/content\/wp-json\/wp\/v2\/pages\/103424\/revisions"}],"predecessor-version":[{"id":103425,"href":"https:\/\/bengalmeat.com\/content\/wp-json\/wp\/v2\/pages\/103424\/revisions\/103425"}],"wp:attachment":[{"href":"https:\/\/bengalmeat.com\/content\/wp-json\/wp\/v2\/media?parent=103424"}],"curies":[{"name":"wp","href":"https:\/\/api.w.org\/{rel}","templated":true}]}}