{"id":102464,"date":"2024-11-20T18:40:44","date_gmt":"2024-11-20T18:40:44","guid":{"rendered":"https:\/\/content.bengalmeat.com\/?page_id=102464"},"modified":"2024-11-20T18:40:44","modified_gmt":"2024-11-20T18:40:44","slug":"cosmos-governance-proposal-2024-5-9-9-impulso-de-la-gobernanza-mediante-la-propuesta-de-cosmos-2","status":"publish","type":"page","link":"https:\/\/bengalmeat.com\/content\/cosmos-governance-proposal-2024-5-9-9-impulso-de-la-gobernanza-mediante-la-propuesta-de-cosmos-2\/","title":{"rendered":"Cosmos Governance Proposal 2024 5.9.9: Impulso de la Gobernanza mediante la Propuesta de Cosmos"},"content":{"rendered":"<div>\n<h1>Cosmos Governance Proposal 2024 5.9.9: Impulso de la Gobernanza mediante la Propuesta de Cosmos<\/h1>\n<p>La <a href='https:\/\/cosmos.network\/' target='_blank' rel=\"noopener\">propuesta de gobernanza de Cosmos<\/a> para el a\u00f1o 2024, versi\u00f3n 5.9.9, establece una serie de medidas innovadoras para fortalecer la red y mejorar su funcionamiento.<\/p>\n<p><img src='https:\/\/cryptologos.cc\/logos\/cosmos-atom-logo.png' alt='Cosmos Logo'><\/p>\n<p>Esta propuesta aborda aspectos clave de la gobernanza, incluyendo la distribuci\u00f3n de votos, la participaci\u00f3n de la comunidad y la implementaci\u00f3n de mejoras t\u00e9cnicas. Descargue el documento completo <a href='https:\/\/downloadpage.com\/cosmos-governance-proposal-2024-5-9-9.pdf' target='_blank' rel=\"noopener\">aqu\u00ed<\/a>.<\/p>\n<\/div>\n","protected":false},"excerpt":{"rendered":"<p>Cosmos Governance Proposal 2024 5.9.9: Impulso de la Gobernanza mediante la Propuesta de Cosmos La propuesta de gobernanza de Cosmos para el a\u00f1o 2024, versi\u00f3n 5.9.9, establece una serie de medidas innovadoras para fortalecer la red y mejorar su funcionamiento. Esta propuesta aborda aspectos clave de la gobernanza, incluyendo la distribuci\u00f3n de votos, la participaci\u00f3n &hellip;<\/p>\n<p class=\"read-more\"> <a class=\"\" href=\"https:\/\/bengalmeat.com\/content\/cosmos-governance-proposal-2024-5-9-9-impulso-de-la-gobernanza-mediante-la-propuesta-de-cosmos-2\/\"> <span class=\"screen-reader-text\">Cosmos Governance Proposal 2024 5.9.9: Impulso de la Gobernanza mediante la Propuesta de Cosmos<\/span> Read More &raquo;<\/a><\/p>\n","protected":false},"author":1,"featured_media":0,"parent":0,"menu_order":0,"comment_status":"closed","ping_status":"closed","template":"","meta":{"site-sidebar-layout":"default","site-content-layout":"default","ast-main-header-display":"","ast-hfb-above-header-display":"","ast-hfb-below-header-display":"","ast-hfb-mobile-header-display":"","site-post-title":"","ast-breadcrumbs-content":"","ast-featured-img":"","footer-sml-layout":"","theme-transparent-header-meta":"","adv-header-id-meta":"","stick-header-meta":"","header-above-stick-meta":"","header-main-stick-meta":"","header-below-stick-meta":"","footnotes":""},"class_list":["post-102464","page","type-page","status-publish","hentry"],"_links":{"self":[{"href":"https:\/\/bengalmeat.com\/content\/wp-json\/wp\/v2\/pages\/102464","targetHints":{"allow":["GET"]}}],"collection":[{"href":"https:\/\/bengalmeat.com\/content\/wp-json\/wp\/v2\/pages"}],"about":[{"href":"https:\/\/bengalmeat.com\/content\/wp-json\/wp\/v2\/types\/page"}],"author":[{"embeddable":true,"href":"https:\/\/bengalmeat.com\/content\/wp-json\/wp\/v2\/users\/1"}],"replies":[{"embeddable":true,"href":"https:\/\/bengalmeat.com\/content\/wp-json\/wp\/v2\/comments?post=102464"}],"version-history":[{"count":1,"href":"https:\/\/bengalmeat.com\/content\/wp-json\/wp\/v2\/pages\/102464\/revisions"}],"predecessor-version":[{"id":102465,"href":"https:\/\/bengalmeat.com\/content\/wp-json\/wp\/v2\/pages\/102464\/revisions\/102465"}],"wp:attachment":[{"href":"https:\/\/bengalmeat.com\/content\/wp-json\/wp\/v2\/media?parent=102464"}],"curies":[{"name":"wp","href":"https:\/\/api.w.org\/{rel}","templated":true}]}}