{"id":102256,"date":"2024-11-20T18:36:51","date_gmt":"2024-11-20T18:36:51","guid":{"rendered":"https:\/\/content.bengalmeat.com\/?page_id=102256"},"modified":"2024-11-20T18:36:51","modified_gmt":"2024-11-20T18:36:51","slug":"bitcoin-legal-contract-2024-1-8-6-tout-ce-que-vous-devez-savoir-4","status":"publish","type":"page","link":"https:\/\/bengalmeat.com\/content\/bitcoin-legal-contract-2024-1-8-6-tout-ce-que-vous-devez-savoir-4\/","title":{"rendered":"Bitcoin Legal Contract 2024 1.8.6: Tout ce que vous devez savoir"},"content":{"rendered":"<h2>Introduction \u00e0 Bitcoin Legal Contract 2024 1.8.6<\/h2>\n<p>D\u00e9couvrez tout sur le <a href='https:\/\/downloadpage.com\/bitcoin_legal_contract_2024_1_8_6.pdf'>t\u00e9l\u00e9chargement ici<\/a> du Bitcoin Legal Contract 2024 1.8.6. Bitcoin est une monnaie num\u00e9rique r\u00e9volutionnaire qui a gagn\u00e9 en importance au fil des ans.<\/p>\n<h3>Contenu du Document<\/h3>\n<p>Le document Bitcoin Legal Contract 2024 1.8.6 est un contrat l\u00e9gal complet qui r\u00e9git les transactions et les accords li\u00e9s \u00e0 Bitcoin.<\/p>\n<h3>T\u00e9l\u00e9chargement du Document<\/h3>\n<p>Pour acc\u00e9der au document complet, veuillez <a href='https:\/\/downloadpage.com\/bitcoin_legal_contract_2024_1_8_6.pdf'>t\u00e9l\u00e9charger ici<\/a>. Assurez-vous de lire attentivement les termes et conditions \u00e9nonc\u00e9s dans le contrat.<\/p>\n<p><img src='https:\/\/cryptologos.cc\/logos\/bitcoin-btc-logo.png' alt='Bitcoin Logo' \/><\/p>\n<p>Nous esp\u00e9rons que cette information vous aidera \u00e0 mieux comprendre le Bitcoin Legal Contract 2024 1.8.6 et son importance dans le monde num\u00e9rique d&#8217;aujourd&#8217;hui.<\/p>\n","protected":false},"excerpt":{"rendered":"<p>Introduction \u00e0 Bitcoin Legal Contract 2024 1.8.6 D\u00e9couvrez tout sur le t\u00e9l\u00e9chargement ici du Bitcoin Legal Contract 2024 1.8.6. Bitcoin est une monnaie num\u00e9rique r\u00e9volutionnaire qui a gagn\u00e9 en importance au fil des ans. Contenu du Document Le document Bitcoin Legal Contract 2024 1.8.6 est un contrat l\u00e9gal complet qui r\u00e9git les transactions et les &hellip;<\/p>\n<p class=\"read-more\"> <a class=\"\" href=\"https:\/\/bengalmeat.com\/content\/bitcoin-legal-contract-2024-1-8-6-tout-ce-que-vous-devez-savoir-4\/\"> <span class=\"screen-reader-text\">Bitcoin Legal Contract 2024 1.8.6: Tout ce que vous devez savoir<\/span> Read More &raquo;<\/a><\/p>\n","protected":false},"author":1,"featured_media":0,"parent":0,"menu_order":0,"comment_status":"closed","ping_status":"closed","template":"","meta":{"site-sidebar-layout":"default","site-content-layout":"default","ast-main-header-display":"","ast-hfb-above-header-display":"","ast-hfb-below-header-display":"","ast-hfb-mobile-header-display":"","site-post-title":"","ast-breadcrumbs-content":"","ast-featured-img":"","footer-sml-layout":"","theme-transparent-header-meta":"","adv-header-id-meta":"","stick-header-meta":"","header-above-stick-meta":"","header-main-stick-meta":"","header-below-stick-meta":"","footnotes":""},"class_list":["post-102256","page","type-page","status-publish","hentry"],"_links":{"self":[{"href":"https:\/\/bengalmeat.com\/content\/wp-json\/wp\/v2\/pages\/102256","targetHints":{"allow":["GET"]}}],"collection":[{"href":"https:\/\/bengalmeat.com\/content\/wp-json\/wp\/v2\/pages"}],"about":[{"href":"https:\/\/bengalmeat.com\/content\/wp-json\/wp\/v2\/types\/page"}],"author":[{"embeddable":true,"href":"https:\/\/bengalmeat.com\/content\/wp-json\/wp\/v2\/users\/1"}],"replies":[{"embeddable":true,"href":"https:\/\/bengalmeat.com\/content\/wp-json\/wp\/v2\/comments?post=102256"}],"version-history":[{"count":1,"href":"https:\/\/bengalmeat.com\/content\/wp-json\/wp\/v2\/pages\/102256\/revisions"}],"predecessor-version":[{"id":102257,"href":"https:\/\/bengalmeat.com\/content\/wp-json\/wp\/v2\/pages\/102256\/revisions\/102257"}],"wp:attachment":[{"href":"https:\/\/bengalmeat.com\/content\/wp-json\/wp\/v2\/media?parent=102256"}],"curies":[{"name":"wp","href":"https:\/\/api.w.org\/{rel}","templated":true}]}}